{"id":1072,"date":"2013-07-29T15:55:38","date_gmt":"2013-07-29T13:55:38","guid":{"rendered":"http:\/\/www.materialgruppe.de\/?page_id=1072"},"modified":"2019-06-15T22:24:51","modified_gmt":"2019-06-15T20:24:51","slug":"rahmenstrategie-neu","status":"publish","type":"page","link":"https:\/\/www.beschaffungsstrategie.de\/?page_id=1072","title":{"rendered":"Rahmenstrategie"},"content":{"rendered":"<h2>Strategiebaustein 1: Rahmenstrategie<\/h2>\n<p>Die Rahmenstrategie verkn\u00fcpft die Supply-Strategie mit der Unternehmensstrategie. Sie sorgt f\u00fcr eine gemeinsame strategische Ausrichtung im Supply-Management. Markt- und Lieferantenstrategien werden an der Rahmenstrategie ausgerichtet und untereinander koordiniert.<br \/>\n<a href=\"http:\/\/www.materialgruppe.de\/wp-content\/uploads\/2013\/07\/SB-1.jpg\"><img loading=\"lazy\" decoding=\"async\" width=\"312\" height=\"381\" class=\"size-full wp-image-1183 alignleft\" alt=\"SB 1\" src=\"http:\/\/www.materialgruppe.de\/wp-content\/uploads\/2013\/07\/SB-1.jpg\" srcset=\"https:\/\/www.beschaffungsstrategie.de\/wp-content\/uploads\/2013\/07\/SB-1.jpg 312w, https:\/\/www.beschaffungsstrategie.de\/wp-content\/uploads\/2013\/07\/SB-1-245x300.jpg 245w\" sizes=\"auto, (max-width: 312px) 100vw, 312px\" \/><\/a><\/p>\n<p>&nbsp;<\/p>\n<p>&nbsp;<\/p>\n<p>&nbsp;<\/p>\n<p>&nbsp;<\/p>\n<p>&nbsp;<\/p>\n<p>&nbsp;<\/p>\n<p>&nbsp;<\/p>\n<p><b>&nbsp;<\/b><\/p>\n<p align=\"JUSTIFY\"><b>In der Supply-Rahmenstrategie erfolgt die ganzheitliche Ausrichtung der Supply-Strategie. Hierbei lassen sich zwei Teile unterschieden: <\/b><\/p>\n<p align=\"JUSTIFY\"><b>Teil Direktion: <\/b>In der Supply-Rahmenstrategie wird eine einheitliche Ausrichtung der Supply-Strategie entwickelt. Hierzu werden die Werte, Strategien und Zielen des Unternehmens nach den Konsequenzen f\u00fcr die Supply-Strategie hinterfragt. Innerhalb dieses Rahmens k\u00f6nnen dann einheitliche Zielvorgaben und strategische Grundorientierungen (= strategische Sto\u00dfrichtungen) f\u00fcr die Versorgung des Unternehmens abgeleitet werden. Hiermit ergibt sich ein Handlungsrahmen innerhalb dessen sich die Supply-Marktstrategien und die Lieferantenstrategien bewegen k\u00f6nnen. Dar\u00fcber hinaus m\u00fcssen die Supply-M\u00e4rkte strukturiert und priorisiert werden. Insbesondere ist auch die Wertsch\u00f6pfungstiefe zu bestimmen, auf der zugekauft werden soll. Sollen beispielsweise ganze Sitze oder einzelne Sitzkomponenten oder sogar einzelne Rohre, Stoffe, Polsterungen gekauft werden. Je nachdem, wie diese Entscheidung ausf\u00e4llt, bewegt sich das Unternehmen auf v\u00f6llig unterschiedlichen M\u00e4rkten.<\/p>\n<p align=\"JUSTIFY\"><b>Teil Koordination: <\/b>Die einzelnen Supply-Marktstrategien und Lieferantenstrategien sind zu synchronisieren. Beispielsweise kann es in einem Mittelbetrieb sinnvoll sein, im Rahmen des Global Sourcing Schwerpunktl\u00e4nder zu definieren, um dort Einkaufsb\u00fcros vor Ort einzurichten. Der Aufbau eines fl\u00e4chendeckenden Netzes von Einkaufsb\u00fcros w\u00fcrde einen Mittelbetrieb meist \u00fcberfordern. Die Festlegung solcher Schwerpunktl\u00e4nder muss &#8211; unter Ber\u00fccksichtigung der Chancen und Risiken der verschiedenen Supply-M\u00e4rkte &#8211; allerdings f\u00fcr das Unternehmen insgesamt erfolgen. Dar\u00fcber hinaus bezieht sich die Koordination auch auf die Fortentwicklung des Supply-Managementsystems. Dieses tr\u00e4gt wesentlich zur Generierung und zur Sicherung von Erfolgspotenzialen bei, so dass die Entwicklung des Supply-Managementsystems Gegenstand der Supply-Rahmenstrategie ist.<\/p>\n<p>Der Teil Direktion umfasst die Module 1 bis 4. Der Teil Koordination besteht aus den Modulen 12 und 13. Die Trennung der Bereiche hat mehr didaktische Gr\u00fcnde. Der Direktionsteil muss zu Beginn vorgestellt werden, da die grundlegenden Vorgaben diskutiert werden. Die Koordination der Supply-Marktstrategien und der Lieferantenstrategien erfordert hingegen eine Tiefe Kenntnis der zu koordinierenden Strategien, so dass die Diskussion sinnvoller Weise erst im Anschluss erfolgen kann.<\/p>\n<p><a title=\"Strategiebausteine\" href=\"http:\/\/www.beschaffungsstrategie.de\/?page_id=1180\"><img loading=\"lazy\" decoding=\"async\" width=\"108\" height=\"59\" class=\"wp-image-1471 alignleft\" alt=\"zur\u00fcck\" src=\"http:\/\/www.materialgruppe.de\/wp-content\/uploads\/2013\/07\/zur\u00fcck.png\"><\/a><\/p>\n<p><a title=\"Supply-Marktstrategie\" href=\"http:\/\/www.beschaffungsstrategie.de\/?page_id=1078\"><img loading=\"lazy\" decoding=\"async\" width=\"108\" height=\"59\" class=\" wp-image-1472 alignright\" alt=\"weiter\" src=\"http:\/\/www.materialgruppe.de\/wp-content\/uploads\/2013\/07\/weiter.png\"><\/a><a href=\"http:\/\/www.materialgruppe.de\/wp-content\/uploads\/2013\/07\/weiter.png\"><br \/>\n<\/a><\/p>\n","protected":false},"excerpt":{"rendered":"<p>Strategiebaustein 1: Rahmenstrategie Die Rahmenstrategie verkn\u00fcpft die Supply-Strategie mit der Unternehmensstrategie. Sie sorgt f\u00fcr eine gemeinsame strategische Ausrichtung im Supply-Management. Markt- und Lieferantenstrategien werden an der Rahmenstrategie ausgerichtet und untereinander koordiniert. &nbsp; &nbsp; &nbsp; &nbsp; &nbsp; &nbsp; &nbsp; &nbsp; In &hellip; <a href=\"https:\/\/www.beschaffungsstrategie.de\/?page_id=1072\">Weiterlesen <span class=\"meta-nav\">&rarr;<\/span><\/a><\/p>\n","protected":false},"author":1,"featured_media":0,"parent":0,"menu_order":0,"comment_status":"closed","ping_status":"closed","template":"","meta":{"footnotes":""},"class_list":["post-1072","page","type-page","status-publish","hentry"],"_links":{"self":[{"href":"https:\/\/www.beschaffungsstrategie.de\/index.php?rest_route=\/wp\/v2\/pages\/1072","targetHints":{"allow":["GET"]}}],"collection":[{"href":"https:\/\/www.beschaffungsstrategie.de\/index.php?rest_route=\/wp\/v2\/pages"}],"about":[{"href":"https:\/\/www.beschaffungsstrategie.de\/index.php?rest_route=\/wp\/v2\/types\/page"}],"author":[{"embeddable":true,"href":"https:\/\/www.beschaffungsstrategie.de\/index.php?rest_route=\/wp\/v2\/users\/1"}],"replies":[{"embeddable":true,"href":"https:\/\/www.beschaffungsstrategie.de\/index.php?rest_route=%2Fwp%2Fv2%2Fcomments&post=1072"}],"version-history":[{"count":13,"href":"https:\/\/www.beschaffungsstrategie.de\/index.php?rest_route=\/wp\/v2\/pages\/1072\/revisions"}],"predecessor-version":[{"id":3492,"href":"https:\/\/www.beschaffungsstrategie.de\/index.php?rest_route=\/wp\/v2\/pages\/1072\/revisions\/3492"}],"wp:attachment":[{"href":"https:\/\/www.beschaffungsstrategie.de\/index.php?rest_route=%2Fwp%2Fv2%2Fmedia&parent=1072"}],"curies":[{"name":"wp","href":"https:\/\/api.w.org\/{rel}","templated":true}]}}