{"id":1946,"date":"2014-01-17T16:24:46","date_gmt":"2014-01-17T14:24:46","guid":{"rendered":"http:\/\/www.beschaffungsstrategie.de\/?page_id=1946"},"modified":"2022-10-06T14:05:09","modified_gmt":"2022-10-06T12:05:09","slug":"4-fachtagung-einkauf-und-logistik","status":"publish","type":"page","link":"https:\/\/www.beschaffungsstrategie.de\/?page_id=1946","title":{"rendered":"4. Fachtagung Einkauf und Logistik"},"content":{"rendered":"<p>Fachbereich Betriebswirtschaft<\/p>\n<p>Aktuelle Entwicklungen im Einkauf und Logistik sowie Begegnungen zwischen Ehemaligen, aktuellen Studierenden sowie interessierten Firmen standen im Mittelpunkt der 4. Fachtagung Einkauf und Logistik der Technischen Hochschule N\u00fcrnberg Georg-Simon-Ohm.<\/p>\n<p><strong>Begr\u00fc\u00dfung<br \/>\n<\/strong>Prof. Dr. Roland Gegner, Dekan der Fakult\u00e4t Betriebswirtschaft, GSO Hochschule N\u00fcrnberg<\/p>\n<p><strong>Neues in Einkauf und Logistik an der GSO Hochschule<\/strong><br \/>\nProf. Dr. Gerhard He\u00df, GSO Hochschule N\u00fcrnberg, Fakult\u00e4t Betriebswirtschaft<\/p>\n<p><strong>Risikomanagement f\u00fcr Katastrophen<br \/>\n<\/strong>Notfallstrategien f\u00fcr den Totalausfall der Ersatzteildistribution<br \/>\nStefan He\u00df, Leiter Teiledistribution BSH Bosch und Siemens Hausger\u00e4te GmbH<\/p>\n<p><strong>Workshops:<\/strong><\/p>\n<ul>\n<li><strong>Reduzierung der Einkaufskosten im Gemeinkostenbereich<\/strong><br \/>\nDr. Wolfgang Junge, Partner Expense Reduction Analysts<\/li>\n<li><strong>Importprozess von Seefracht am Beispiel Spielwarenimport aus China<br \/>\n<\/strong>Rainer Wild, Gesch\u00e4ftsf\u00fchrer Vedes Logistik GmbH<br \/>\nStefan Linkmann, Schenker Deutschland AG, Leiter Vertrieb N\u00fcrnberg<br \/>\nFlorian Pohl, Schenker Deutschland AG, Leiter Seefracht N\u00fcrnberg<\/li>\n<li><strong>Lean Management in der Praxis<br \/>\n<\/strong>Michael Kerber, FCI Connectors Deutschland GmbH, Werksleiter N\u00fcrnberg<br \/>\nPawel Gorecki, FCI Connectors Deutschland GmbH, Leiter Lean Management<\/li>\n<li style=\"text-align: left;\"><strong>Umweltvertr\u00e4glicher Wirtschaftsverkehr in der Stadt N\u00fcrnberg<\/strong><br \/>\nProf. Dr. Ralf Bogdanski, GSO Hochschule N\u00fcrnberg<\/li>\n<\/ul>\n<p style=\"text-align: left;\"><strong>Forum Einkauf und Logistik:<\/strong><br \/>\nVorstellung von Verb\u00e4nden und Firmen, Kontaktangebote<\/p>\n","protected":false},"excerpt":{"rendered":"<p>Fachbereich Betriebswirtschaft Aktuelle Entwicklungen im Einkauf und Logistik sowie Begegnungen zwischen Ehemaligen, aktuellen Studierenden sowie interessierten Firmen standen im Mittelpunkt der 4. Fachtagung Einkauf und Logistik der Technischen Hochschule N\u00fcrnberg Georg-Simon-Ohm. Begr\u00fc\u00dfung Prof. Dr. Roland Gegner, Dekan der Fakult\u00e4t Betriebswirtschaft, &hellip; <a href=\"https:\/\/www.beschaffungsstrategie.de\/?page_id=1946\">Weiterlesen <span class=\"meta-nav\">&rarr;<\/span><\/a><\/p>\n","protected":false},"author":1,"featured_media":0,"parent":0,"menu_order":0,"comment_status":"closed","ping_status":"closed","template":"","meta":{"footnotes":""},"class_list":["post-1946","page","type-page","status-publish","hentry"],"_links":{"self":[{"href":"https:\/\/www.beschaffungsstrategie.de\/index.php?rest_route=\/wp\/v2\/pages\/1946","targetHints":{"allow":["GET"]}}],"collection":[{"href":"https:\/\/www.beschaffungsstrategie.de\/index.php?rest_route=\/wp\/v2\/pages"}],"about":[{"href":"https:\/\/www.beschaffungsstrategie.de\/index.php?rest_route=\/wp\/v2\/types\/page"}],"author":[{"embeddable":true,"href":"https:\/\/www.beschaffungsstrategie.de\/index.php?rest_route=\/wp\/v2\/users\/1"}],"replies":[{"embeddable":true,"href":"https:\/\/www.beschaffungsstrategie.de\/index.php?rest_route=%2Fwp%2Fv2%2Fcomments&post=1946"}],"version-history":[{"count":4,"href":"https:\/\/www.beschaffungsstrategie.de\/index.php?rest_route=\/wp\/v2\/pages\/1946\/revisions"}],"predecessor-version":[{"id":4238,"href":"https:\/\/www.beschaffungsstrategie.de\/index.php?rest_route=\/wp\/v2\/pages\/1946\/revisions\/4238"}],"wp:attachment":[{"href":"https:\/\/www.beschaffungsstrategie.de\/index.php?rest_route=%2Fwp%2Fv2%2Fmedia&parent=1946"}],"curies":[{"name":"wp","href":"https:\/\/api.w.org\/{rel}","templated":true}]}}