{"id":2601,"date":"2015-07-22T16:21:17","date_gmt":"2015-07-22T14:21:17","guid":{"rendered":"http:\/\/www.beschaffungsstrategie.de\/?page_id=2601"},"modified":"2022-10-06T14:11:01","modified_gmt":"2022-10-06T12:11:01","slug":"9-fachtagung-einkauf-und-logistik-2","status":"publish","type":"page","link":"https:\/\/www.beschaffungsstrategie.de\/?page_id=2601","title":{"rendered":"9. Fachtagung Einkauf und Logistik"},"content":{"rendered":"<p>Fachbereich Betriebswirtschaft<\/p>\n<p>Interessante Begegnungen zwischen den Studierenden, Ehemaligen und der Wirtschaft waren das Ziel der 9. Fachtagung f\u00fcr Einkauf und Logistik der Technischen Hochschule N\u00fcrnberg Georg-Simon-Ohm. Dabei standen die Diskussion zu aktuellen Entwicklungen in Einkauf und Logistik und die M\u00f6glichkeit zu Kontakten im Mittelpunkt. Veranstalter war der Schwerpunkt Logistik in der Fakult\u00e4t Betriebswirtschaft der Technischen Hochschule N\u00fcrnberg Georg-Simon-Ohm.<\/p>\n","protected":false},"excerpt":{"rendered":"<p>Fachbereich Betriebswirtschaft Interessante Begegnungen zwischen den Studierenden, Ehemaligen und der Wirtschaft waren das Ziel der 9. Fachtagung f\u00fcr Einkauf und Logistik der Technischen Hochschule N\u00fcrnberg Georg-Simon-Ohm. Dabei standen die Diskussion zu aktuellen Entwicklungen in Einkauf und Logistik und die M\u00f6glichkeit &hellip; <a href=\"https:\/\/www.beschaffungsstrategie.de\/?page_id=2601\">Weiterlesen <span class=\"meta-nav\">&rarr;<\/span><\/a><\/p>\n","protected":false},"author":1,"featured_media":0,"parent":0,"menu_order":0,"comment_status":"closed","ping_status":"closed","template":"","meta":{"footnotes":""},"class_list":["post-2601","page","type-page","status-publish","hentry"],"_links":{"self":[{"href":"https:\/\/www.beschaffungsstrategie.de\/index.php?rest_route=\/wp\/v2\/pages\/2601","targetHints":{"allow":["GET"]}}],"collection":[{"href":"https:\/\/www.beschaffungsstrategie.de\/index.php?rest_route=\/wp\/v2\/pages"}],"about":[{"href":"https:\/\/www.beschaffungsstrategie.de\/index.php?rest_route=\/wp\/v2\/types\/page"}],"author":[{"embeddable":true,"href":"https:\/\/www.beschaffungsstrategie.de\/index.php?rest_route=\/wp\/v2\/users\/1"}],"replies":[{"embeddable":true,"href":"https:\/\/www.beschaffungsstrategie.de\/index.php?rest_route=%2Fwp%2Fv2%2Fcomments&post=2601"}],"version-history":[{"count":5,"href":"https:\/\/www.beschaffungsstrategie.de\/index.php?rest_route=\/wp\/v2\/pages\/2601\/revisions"}],"predecessor-version":[{"id":4245,"href":"https:\/\/www.beschaffungsstrategie.de\/index.php?rest_route=\/wp\/v2\/pages\/2601\/revisions\/4245"}],"wp:attachment":[{"href":"https:\/\/www.beschaffungsstrategie.de\/index.php?rest_route=%2Fwp%2Fv2%2Fmedia&parent=2601"}],"curies":[{"name":"wp","href":"https:\/\/api.w.org\/{rel}","templated":true}]}}