{"id":2855,"date":"2016-06-27T16:47:12","date_gmt":"2016-06-27T14:47:12","guid":{"rendered":"http:\/\/www.beschaffungsstrategie.de\/?page_id=2855"},"modified":"2019-06-15T21:35:15","modified_gmt":"2019-06-15T19:35:15","slug":"strategiebaustein-4-supply-prozessstrategien","status":"publish","type":"page","link":"https:\/\/www.beschaffungsstrategie.de\/?page_id=2855","title":{"rendered":"Supply-Prozessstrategien"},"content":{"rendered":"<h1>Strategiebaustein 4: Supply-Prozessstrategien<\/h1>\n<p>Die Prozessstrategie definiert f\u00fcr jeweils einen Supply-Prozess die strategische Vorgehensweise zur Fortentwicklung bzw. zur Optimierung des jeweiligen Prozesses. Gegenstand einer Prozessstrategie k\u00f6nnen damit gleicherma\u00dfen strategische wie auch operative Prozesse im Supply Management sein. Dar\u00fcber hinaus k\u00f6nnen Prozessstrategien auch f\u00fcr Prozesse formuliert werden, bei denen das Supply Management nur eine (f\u00fcr das Supply Management) wichtige Rolle inne hat, z. B. Entwicklungsprozess mit Einkaufs- und Lieferantenfr\u00fcheinbindung.<\/p>\n<p><img loading=\"lazy\" decoding=\"async\" width=\"299\" height=\"342\" class=\" wp-image-2856 alignnone\" alt=\"SB4\" src=\"http:\/\/www.beschaffungsstrategie.de\/wp-content\/uploads\/2016\/06\/SB4.png\" srcset=\"https:\/\/www.beschaffungsstrategie.de\/wp-content\/uploads\/2016\/06\/SB4.png 871w, https:\/\/www.beschaffungsstrategie.de\/wp-content\/uploads\/2016\/06\/SB4-262x300.png 262w\" sizes=\"auto, (max-width: 299px) 100vw, 299px\" \/><\/p>\n<p>Die bedeutsamen Prozesse m\u00fcssen dokumentiert und analysiert werden. Dabei sind in der Regel Prozessmanagementvorgaben des Unternehmens zu beachten. Zur Steuerung und zur Optimierung werden Ziele f\u00fcr die Effektivit\u00e4t und Effizienz des Prozesses abgeleitet sowie strategische Sto\u00dfrichtungen f\u00fcr die Verbesserungsrichtung entwickelt.<\/p>\n","protected":false},"excerpt":{"rendered":"<p>Strategiebaustein 4: Supply-Prozessstrategien Die Prozessstrategie definiert f\u00fcr jeweils einen Supply-Prozess die strategische Vorgehensweise zur Fortentwicklung bzw. zur Optimierung des jeweiligen Prozesses. Gegenstand einer Prozessstrategie k\u00f6nnen damit gleicherma\u00dfen strategische wie auch operative Prozesse im Supply Management sein. Dar\u00fcber hinaus k\u00f6nnen Prozessstrategien &hellip; <a href=\"https:\/\/www.beschaffungsstrategie.de\/?page_id=2855\">Weiterlesen <span class=\"meta-nav\">&rarr;<\/span><\/a><\/p>\n","protected":false},"author":1,"featured_media":0,"parent":0,"menu_order":0,"comment_status":"closed","ping_status":"closed","template":"","meta":{"footnotes":""},"class_list":["post-2855","page","type-page","status-publish","hentry"],"_links":{"self":[{"href":"https:\/\/www.beschaffungsstrategie.de\/index.php?rest_route=\/wp\/v2\/pages\/2855","targetHints":{"allow":["GET"]}}],"collection":[{"href":"https:\/\/www.beschaffungsstrategie.de\/index.php?rest_route=\/wp\/v2\/pages"}],"about":[{"href":"https:\/\/www.beschaffungsstrategie.de\/index.php?rest_route=\/wp\/v2\/types\/page"}],"author":[{"embeddable":true,"href":"https:\/\/www.beschaffungsstrategie.de\/index.php?rest_route=\/wp\/v2\/users\/1"}],"replies":[{"embeddable":true,"href":"https:\/\/www.beschaffungsstrategie.de\/index.php?rest_route=%2Fwp%2Fv2%2Fcomments&post=2855"}],"version-history":[{"count":5,"href":"https:\/\/www.beschaffungsstrategie.de\/index.php?rest_route=\/wp\/v2\/pages\/2855\/revisions"}],"predecessor-version":[{"id":3452,"href":"https:\/\/www.beschaffungsstrategie.de\/index.php?rest_route=\/wp\/v2\/pages\/2855\/revisions\/3452"}],"wp:attachment":[{"href":"https:\/\/www.beschaffungsstrategie.de\/index.php?rest_route=%2Fwp%2Fv2%2Fmedia&parent=2855"}],"curies":[{"name":"wp","href":"https:\/\/api.w.org\/{rel}","templated":true}]}}