{"id":3010,"date":"2016-07-19T14:13:28","date_gmt":"2016-07-19T12:13:28","guid":{"rendered":"http:\/\/www.beschaffungsstrategie.de\/?page_id=3010"},"modified":"2019-06-15T22:10:36","modified_gmt":"2019-06-15T20:10:36","slug":"vergleich-zur-15m-architektur-version-1-0","status":"publish","type":"page","link":"https:\/\/www.beschaffungsstrategie.de\/?page_id=3010","title":{"rendered":"Vergleich zur 15M-Architektur Version 1.0"},"content":{"rendered":"<p><strong>\u00dcbersicht \u00fcber die \u00c4nderungen<\/strong> von Version 2.0 gegen\u00fcber 1.0&nbsp;&nbsp;&nbsp;<strong> <a href=\"http:\/\/www.beschaffungsstrategie.de\/?page_id=2831\">mehr<\/a><\/strong><\/p>\n<p><img loading=\"lazy\" decoding=\"async\" width=\"1087\" height=\"70\" class=\" size-full wp-image-3011 alignleft\" alt=\"Grafik der 15M-Architektur Version 1.0\" src=\"http:\/\/www.beschaffungsstrategie.de\/wp-content\/uploads\/2016\/07\/Grafik-der-15M-Architektur-Version-1.0.png\" srcset=\"https:\/\/www.beschaffungsstrategie.de\/wp-content\/uploads\/2016\/07\/Grafik-der-15M-Architektur-Version-1.0.png 1087w, https:\/\/www.beschaffungsstrategie.de\/wp-content\/uploads\/2016\/07\/Grafik-der-15M-Architektur-Version-1.0-300x19.png 300w, https:\/\/www.beschaffungsstrategie.de\/wp-content\/uploads\/2016\/07\/Grafik-der-15M-Architektur-Version-1.0-1024x66.png 1024w, https:\/\/www.beschaffungsstrategie.de\/wp-content\/uploads\/2016\/07\/Grafik-der-15M-Architektur-Version-1.0-500x32.png 500w\" sizes=\"auto, (max-width: 1087px) 100vw, 1087px\" \/><\/p>\n<p><a href=\"http:\/\/www.beschaffungsstrategie.de\/wp-content\/uploads\/2013\/07\/15M-Architektur-mit-Strategiebausteinen.jpg\"><img loading=\"lazy\" decoding=\"async\" width=\"400\" height=\"223\" class=\"alignleft wp-image-1038\" alt=\"15M-Architektur mit Strategiebausteinen\" src=\"http:\/\/www.beschaffungsstrategie.de\/wp-content\/uploads\/2013\/07\/15M-Architektur-mit-Strategiebausteinen.jpg\" srcset=\"https:\/\/www.beschaffungsstrategie.de\/wp-content\/uploads\/2013\/07\/15M-Architektur-mit-Strategiebausteinen.jpg 795w, https:\/\/www.beschaffungsstrategie.de\/wp-content\/uploads\/2013\/07\/15M-Architektur-mit-Strategiebausteinen-300x167.jpg 300w, https:\/\/www.beschaffungsstrategie.de\/wp-content\/uploads\/2013\/07\/15M-Architektur-mit-Strategiebausteinen-500x279.jpg 500w\" sizes=\"auto, (max-width: 400px) 100vw, 400px\" \/><\/a><\/p>\n<p>&nbsp;<\/p>\n<p>&nbsp;<\/p>\n<p>&nbsp;<\/p>\n<p>&nbsp;<\/p>\n<p>&nbsp;<\/p>\n<p>&nbsp;<\/p>\n<p>&nbsp;<\/p>\n<p><strong>15M-Architektur der Supply-Strategie 1.0<\/strong><\/p>\n<p><strong>\u00dcbersicht der vier Strategiebausteine<\/strong> in der 15M-Architektur Version 1.0&nbsp;&nbsp;&nbsp; <strong><a href=\"http:\/\/www.beschaffungsstrategie.de\/?page_id=1180\">mehr<\/a><\/strong><\/p>\n<p><strong>\u00dcbersicht der 15 Module<\/strong> in der 15M-Architektur Version 1.0&nbsp;&nbsp; <strong><a href=\"http:\/\/www.beschaffungsstrategie.de\/?page_id=939\">mehr<\/a><\/strong><\/p>\n<p>&nbsp;<\/p>\n","protected":false},"excerpt":{"rendered":"<p>\u00dcbersicht \u00fcber die \u00c4nderungen von Version 2.0 gegen\u00fcber 1.0&nbsp;&nbsp;&nbsp; mehr &nbsp; &nbsp; &nbsp; &nbsp; &nbsp; &nbsp; &nbsp; 15M-Architektur der Supply-Strategie 1.0 \u00dcbersicht der vier Strategiebausteine in der 15M-Architektur Version 1.0&nbsp;&nbsp;&nbsp; mehr \u00dcbersicht der 15 Module in der 15M-Architektur Version 1.0&nbsp;&nbsp; &hellip; <a href=\"https:\/\/www.beschaffungsstrategie.de\/?page_id=3010\">Weiterlesen <span class=\"meta-nav\">&rarr;<\/span><\/a><\/p>\n","protected":false},"author":1,"featured_media":0,"parent":0,"menu_order":0,"comment_status":"closed","ping_status":"closed","template":"","meta":{"footnotes":""},"class_list":["post-3010","page","type-page","status-publish","hentry"],"_links":{"self":[{"href":"https:\/\/www.beschaffungsstrategie.de\/index.php?rest_route=\/wp\/v2\/pages\/3010","targetHints":{"allow":["GET"]}}],"collection":[{"href":"https:\/\/www.beschaffungsstrategie.de\/index.php?rest_route=\/wp\/v2\/pages"}],"about":[{"href":"https:\/\/www.beschaffungsstrategie.de\/index.php?rest_route=\/wp\/v2\/types\/page"}],"author":[{"embeddable":true,"href":"https:\/\/www.beschaffungsstrategie.de\/index.php?rest_route=\/wp\/v2\/users\/1"}],"replies":[{"embeddable":true,"href":"https:\/\/www.beschaffungsstrategie.de\/index.php?rest_route=%2Fwp%2Fv2%2Fcomments&post=3010"}],"version-history":[{"count":8,"href":"https:\/\/www.beschaffungsstrategie.de\/index.php?rest_route=\/wp\/v2\/pages\/3010\/revisions"}],"predecessor-version":[{"id":3475,"href":"https:\/\/www.beschaffungsstrategie.de\/index.php?rest_route=\/wp\/v2\/pages\/3010\/revisions\/3475"}],"wp:attachment":[{"href":"https:\/\/www.beschaffungsstrategie.de\/index.php?rest_route=%2Fwp%2Fv2%2Fmedia&parent=3010"}],"curies":[{"name":"wp","href":"https:\/\/api.w.org\/{rel}","templated":true}]}}