{"id":582,"date":"2013-06-27T13:45:48","date_gmt":"2013-06-27T11:45:48","guid":{"rendered":"http:\/\/www.materialgruppe.de\/?page_id=582"},"modified":"2019-06-15T20:08:31","modified_gmt":"2019-06-15T18:08:31","slug":"8d-report","status":"publish","type":"page","link":"https:\/\/www.beschaffungsstrategie.de\/?page_id=582","title":{"rendered":"8D-Report"},"content":{"rendered":"<p align=\"LEFT\">Der 8D-Report ist ein faktenorientierter Ma\u00dfnahmenplan zur kurzfristigen Fehlerbehebung mit dem Ziel der langfristigen Qualit\u00e4tssicherung und -verbesserung. Im Reklamationsmanagement sollen mit Hilfe des 8D-Reports Schwachstellen in Prozessen \u2013 betroffen sind alle unternehmensinternen und \u2013externen Schnittstellen innerhalb des Auftragsbearbeitungsprozesses \u2013 aufgedeckt und Gegenma\u00dfnahmen zur Fehlerbeseitigung erarbeitet sowie erl\u00e4utert werden. Das \u201eD\u201c ist eine Abk\u00fcrzung f\u00fcr \u201eDisciplines\u201c und bezieht sich in diesem Zusammenhang auf \u201eProzessschritte\u201c. Mit der \u201e8\u201c wird auf die 8 Schritte hingewiesen, die im Rahmen des Qualit\u00e4tsmanagements erarbeitet werden [Vgl. Kamiske; Qualit\u00e4tsmanagement; S. 278]:<\/p>\n<p align=\"LEFT\">D1 \u2013 Team zusammenstellen; Mitarbeiter verschiedener Fachabteilungen mit Kompetenzen bez\u00fcglich Prozessabl\u00e4ufen und Produktkenntnissen bilden ein l\u00f6sungsorientiertes Team.<\/p>\n<p align=\"LEFT\">D2 \u2013 Problem beschreiben; Eingrenzung des Kernthemas. Ursachen und Wirkungen werden beschrieben.<\/p>\n<p align=\"LEFT\">D3 \u2013 Sofortma\u00dfnahmen festlegen; Vermeidung weiterer Schwierigkeiten durch geeignete und&nbsp; schnell wirksame Ma\u00dfnahmen.<\/p>\n<p align=\"LEFT\">D4 \u2013 Fehlerursache ermitteln; Fehlerursachen sollen ermittelt und nachgewiesen werden.<\/p>\n<p align=\"LEFT\">D5 \u2013 Planen von Abstellma\u00dfnahmen; Verschiedene M\u00f6glichkeiten zur Behebung der Fehlerquellen werden geplant. Die erfolgreichste Ma\u00dfnahme soll unter Ber\u00fccksichtigung von unerw\u00fcnschten Nebenwirkungen geplant werden.<\/p>\n<p align=\"LEFT\">D6 \u2013 Einf\u00fchren der Abstellma\u00dfnahmen.<\/p>\n<p align=\"LEFT\">D7 \u2013 Verhinderung der Fehlerwiederholung.<\/p>\n<p align=\"LEFT\">D8 \u2013 Teamleistung anerkennen; W\u00fcrdigung der Teamerfolge und Dokumentation der Erfahrungen f\u00fcr den st\u00e4ndigen Verbesserungsprozess.<\/p>\n<p align=\"LEFT\"><span style=\"color: rgb(255, 0, 0);\">15M-Architektur<\/span><span style=\"color: rgb(255, 0, 0);\"><sup>\u00ae<\/sup><\/span><span style=\"color: rgb(255, 0, 0);\">:<br><\/span>Modul 7: Gestaltungsfelder analysieren und strategische Option identifizieren [He\u00df; Supply-Strategien; S. 183]<\/p>\n<p align=\"LEFT\"><span style=\"color: rgb(255, 0, 0);\">Quellen\/Literaturhinweise:<br><\/span><a title=\"15M-Architektur\" href=\"http:\/\/www.beschaffungsstrategie.de\/?page_id=12\">He\u00df, Gerhard; Supply-Strategien in Einkauf und Beschaffung;&nbsp; 2. Auflage (2010); Gabler Verlag Wiesbaden <\/a><br>Kamiske, Gerd; Qualit\u00e4tsmanagement von A bis Z; 6. Auflage (2008); Hanser Verlag M\u00fcnchen Sch\u00f6ler, Andreas; Beschwerdeinformation und ihre Nutzung; Gabler Verlag Wiesbaden (2009)<\/p>\n<p align=\"LEFT\"><span style=\"color: rgb(255, 0, 0);\">Verbundene Schlagworte: <\/span>Projektmanagement, Projektleitung, Projektf\u00fchrung, Fehlervermeidung, Prozessoptimierung<\/p>\n<p align=\"LEFT\"><span style=\"color: rgb(255, 0, 0);\">Vertiefungen\/Studien:<\/span><\/p>\n<p align=\"LEFT\"><span style=\"color: rgb(255, 0, 0);\">Weiterf\u00fchrende Links:<br><\/span><a href=\"http:\/\/www.beschaffungsstrategie.de\/wp-content\/uploads\/2014\/01\/Bild-2.-Aufl.jpg\">He\u00df, Gerhard; Supply-Strategien in Einkauf und Beschaffung; 2. Auflage (2010); Gabler Verlag Wiesbaden<\/a><\/p>\n<p align=\"LEFT\"><a href=\"http:\/\/books.google.de\/books?id=xw9Z6HtHfZAC&amp;pg=PA278&amp;dq=8d-report\">Kamiske, Gerd;&nbsp; Qualit\u00e4tsmanagement von A-Z; Carl Hanser Verlag M\u00fcnchen<\/a><\/p>\n<p align=\"LEFT\"><a href=\"http:\/\/www.vda-qmc.de\/publikationen\/formulare\/?0=\">Beispiel eines 8D-Reports aus der Automobilbranche<\/a><\/p>\n<p align=\"LEFT\"><a href=\"http:\/\/books.google.de\/books?id=CCzT8VvpFUwC&amp;pg=PA178&amp;dq=8d-report\">Formblatt 8D-Report in Sch\u00f6ler, Andreas; Beschwerdeinformation und ihre Nutzung; Gabler Verlag Wiesbaden (2009)<\/a><\/p>\n<p align=\"LEFT\">Autor: M. Reed &#8211; 20090803<\/p>\n\n\n<p><\/p>\n","protected":false},"excerpt":{"rendered":"<p>Der 8D-Report ist ein faktenorientierter Ma\u00dfnahmenplan zur kurzfristigen Fehlerbehebung mit dem Ziel der langfristigen Qualit\u00e4tssicherung und -verbesserung. Im Reklamationsmanagement sollen mit Hilfe des 8D-Reports Schwachstellen in Prozessen \u2013 betroffen sind alle unternehmensinternen und \u2013externen Schnittstellen innerhalb des Auftragsbearbeitungsprozesses \u2013 aufgedeckt &hellip; <a href=\"https:\/\/www.beschaffungsstrategie.de\/?page_id=582\">Weiterlesen <span class=\"meta-nav\">&rarr;<\/span><\/a><\/p>\n","protected":false},"author":1,"featured_media":0,"parent":0,"menu_order":0,"comment_status":"closed","ping_status":"closed","template":"","meta":{"footnotes":""},"class_list":["post-582","page","type-page","status-publish","hentry"],"_links":{"self":[{"href":"https:\/\/www.beschaffungsstrategie.de\/index.php?rest_route=\/wp\/v2\/pages\/582","targetHints":{"allow":["GET"]}}],"collection":[{"href":"https:\/\/www.beschaffungsstrategie.de\/index.php?rest_route=\/wp\/v2\/pages"}],"about":[{"href":"https:\/\/www.beschaffungsstrategie.de\/index.php?rest_route=\/wp\/v2\/types\/page"}],"author":[{"embeddable":true,"href":"https:\/\/www.beschaffungsstrategie.de\/index.php?rest_route=\/wp\/v2\/users\/1"}],"replies":[{"embeddable":true,"href":"https:\/\/www.beschaffungsstrategie.de\/index.php?rest_route=%2Fwp%2Fv2%2Fcomments&post=582"}],"version-history":[{"count":4,"href":"https:\/\/www.beschaffungsstrategie.de\/index.php?rest_route=\/wp\/v2\/pages\/582\/revisions"}],"predecessor-version":[{"id":3439,"href":"https:\/\/www.beschaffungsstrategie.de\/index.php?rest_route=\/wp\/v2\/pages\/582\/revisions\/3439"}],"wp:attachment":[{"href":"https:\/\/www.beschaffungsstrategie.de\/index.php?rest_route=%2Fwp%2Fv2%2Fmedia&parent=582"}],"curies":[{"name":"wp","href":"https:\/\/api.w.org\/{rel}","templated":true}]}}