{"id":598,"date":"2013-06-27T13:54:05","date_gmt":"2013-06-27T11:54:05","guid":{"rendered":"http:\/\/www.materialgruppe.de\/?page_id=598"},"modified":"2019-06-15T23:43:25","modified_gmt":"2019-06-15T21:43:25","slug":"basisstrategie","status":"publish","type":"page","link":"https:\/\/www.beschaffungsstrategie.de\/?page_id=598","title":{"rendered":"Basisstrategie"},"content":{"rendered":"<p>Grundlegende Strategie der 15M-Architektur nach He\u00df in Einkauf und Beschaffung. Mit Hilfe der Basisstrategie werden Rahmenbedingungen f\u00fcr alle Supply Planungsvorhaben und Steuerungsma\u00dfnahmen bez\u00fcglich des Wertesystems (Code-of-Conduct), der Supply Vision und der Wettbewerbsstrategie fixiert [Vgl. He\u00df; Supply-Strategien; S. 89f.].<\/p>\n<p><span style=\"color: rgb(255, 0, 0);\">15M-Architektur:<\/span><br \/>\nModul 1: Basisstrategie entwickeln [He\u00df; Supply-Strategien; S. 89]<\/p>\n<p><span style=\"color: rgb(255, 0, 0);\">Quellen\/Literaturhinweise:<\/span><br \/>\n<a title=\"Literatur zur 15M-Architektur\" href=\"http:\/\/www.beschaffungsstrategie.de\/?page_id=1674\">He\u00df, Gerhard; Supply-Strategien in Einkauf und Beschaffung; 2. Auflage (2010); Gabler Verlag Wiesbaden<\/a><\/p>\n<p><span style=\"color: rgb(255, 0, 0);\">Verbundene Schlagworte:<\/span><br \/>\nCode of Conduct, Verhaltenscodex, Selbstverpflichtung, Ethik, Sozialstandard<\/p>\n<p><span style=\"color: rgb(255, 0, 0);\">Vertiefungen\/Studien:<\/span><\/p>\n<p><span style=\"color: rgb(255, 0, 0);\">Weiterf\u00fchrende Links:<\/span><br \/>\n<a href=\"http:\/\/books.google.de\/books?id=VclfAUJccs0C&amp;printsec=frontcover&amp;dq=supply+strategien+in+einkauf+und+beschaffung&amp;hl=de&amp;ei=fylYTKOyNYz9sQbInLm8Cg&amp;sa=X&amp;oi=book_result&amp;ct=result&amp;resnum=1&amp;ved=0CDMQ6AEwAA#v=onepage&amp;q&amp;f=false\" target=\"_blank\" rel=\"noopener noreferrer\">He\u00df, Gerhard; Supply-Strategien in Einkauf und Beschaffung; 2. Auflage (2010); Gabler Verlag Wiesbaden<\/a><\/p>\n<p>Autor: M. Reed &#8211; 20110105<\/p>\n","protected":false},"excerpt":{"rendered":"<p>Grundlegende Strategie der 15M-Architektur nach He\u00df in Einkauf und Beschaffung. Mit Hilfe der Basisstrategie werden Rahmenbedingungen f\u00fcr alle Supply Planungsvorhaben und Steuerungsma\u00dfnahmen bez\u00fcglich des Wertesystems (Code-of-Conduct), der Supply Vision und der Wettbewerbsstrategie fixiert [Vgl. He\u00df; Supply-Strategien; S. 89f.]. 15M-Architektur: Modul &hellip; <a href=\"https:\/\/www.beschaffungsstrategie.de\/?page_id=598\">Weiterlesen <span class=\"meta-nav\">&rarr;<\/span><\/a><\/p>\n","protected":false},"author":1,"featured_media":0,"parent":0,"menu_order":0,"comment_status":"closed","ping_status":"closed","template":"","meta":{"footnotes":""},"class_list":["post-598","page","type-page","status-publish","hentry"],"_links":{"self":[{"href":"https:\/\/www.beschaffungsstrategie.de\/index.php?rest_route=\/wp\/v2\/pages\/598","targetHints":{"allow":["GET"]}}],"collection":[{"href":"https:\/\/www.beschaffungsstrategie.de\/index.php?rest_route=\/wp\/v2\/pages"}],"about":[{"href":"https:\/\/www.beschaffungsstrategie.de\/index.php?rest_route=\/wp\/v2\/types\/page"}],"author":[{"embeddable":true,"href":"https:\/\/www.beschaffungsstrategie.de\/index.php?rest_route=\/wp\/v2\/users\/1"}],"replies":[{"embeddable":true,"href":"https:\/\/www.beschaffungsstrategie.de\/index.php?rest_route=%2Fwp%2Fv2%2Fcomments&post=598"}],"version-history":[{"count":6,"href":"https:\/\/www.beschaffungsstrategie.de\/index.php?rest_route=\/wp\/v2\/pages\/598\/revisions"}],"predecessor-version":[{"id":3524,"href":"https:\/\/www.beschaffungsstrategie.de\/index.php?rest_route=\/wp\/v2\/pages\/598\/revisions\/3524"}],"wp:attachment":[{"href":"https:\/\/www.beschaffungsstrategie.de\/index.php?rest_route=%2Fwp%2Fv2%2Fmedia&parent=598"}],"curies":[{"name":"wp","href":"https:\/\/api.w.org\/{rel}","templated":true}]}}