{"id":606,"date":"2013-06-27T13:58:32","date_gmt":"2013-06-27T11:58:32","guid":{"rendered":"http:\/\/www.materialgruppe.de\/?page_id=606"},"modified":"2019-06-17T19:33:36","modified_gmt":"2019-06-17T17:33:36","slug":"bonus-malus-system","status":"publish","type":"page","link":"https:\/\/www.beschaffungsstrategie.de\/?page_id=606","title":{"rendered":"Bonus-Malus-System"},"content":{"rendered":"<p align=\"LEFT\">Beim Bonus-Malus-System handelt es sich um ein vertragliches Anreiz- und Sanktionierungssystem zwischen Vertragspartnern. Ein erw\u00fcnschter Zustand bzw. erw\u00fcnschtes Verhalten kann durch zus\u00e4tzliche Anreize als Bonus verg\u00fctet werden. Durch Vertragsstrafen k\u00f6nnen Vertragspartner belegt werden, wenn Leistungen nicht oder nur unzureichend erbracht werden (Malus). In beiden F\u00e4llen wirkt das Bonus-Malus-System steuernd [Vgl. Voegele; Best Practice; S. 144].<\/p>\n<p align=\"LEFT\"><span style=\"color: rgb(255, 0, 0);\">15M-Architektur<\/span><span style=\"color: rgb(255, 0, 0);\"><sup>\u00ae<\/sup><\/span><span style=\"color: rgb(255, 0, 0);\">:<br \/>\n<\/span>Modul 7: Gestaltungsfelder analysieren und strategische Optionen identifizieren [He\u00df; Supply-Strategien; S. 252]<\/p>\n<p align=\"LEFT\"><span style=\"color: rgb(255, 0, 0);\">Quellen\/Literaturhinweise:<br \/>\n<\/span><a title=\"15M-Architektur\" href=\"http:\/\/www.beschaffungsstrategie.de\/?page_id=12\">He\u00df, Gerhard; Supply-Strategien in Einkauf und Beschaffung; 2. Auflage (2010); Gabler Verlag Wiesbaden <\/a><br \/>\nVoegele, Andreas; in Best Practice in Einkauf und Logistik; BME Bundesverband Materialwirtschaft Einkauf und Logistik e.V. (Hrsg.); 2. Auflage (2008); Gabler Verlag Wiesbaden<\/p>\n<p align=\"LEFT\"><span style=\"color: rgb(255, 0, 0);\">Verbundene Schlagworte:<br \/>\n<\/span>Anreizsystem<\/p>\n<p align=\"LEFT\"><span style=\"color: rgb(255, 0, 0);\">Vertiefungen\/Studien:<\/span><\/p>\n<p align=\"LEFT\"><span style=\"color: rgb(255, 0, 0);\">Weiterf\u00fchrende Links:<br \/>\n<\/span><a href=\"http:\/\/books.google.de\/books?id=VclfAUJccs0C&amp;printsec=frontcover&amp;dq=supply+strategien+in+einkauf+und+beschaffung&amp;hl=de&amp;ei=fylYTKOyNYz9sQbInLm8Cg&amp;sa=X&amp;oi=book_result&amp;ct=result&amp;resnum=1&amp;ved=0CDMQ6AEwAA#v=onepage&amp;q&amp;f=false\">He\u00df, Gerhard; Supply-Strategien in Einkauf und Beschaffung; 2. Auflage (2010); Gabler Verlag Wiesbaden<\/a><\/p>\n<p align=\"LEFT\"><a href=\"http:\/\/books.google.de\/books?id=mN2qlaGcvQ4C&amp;pg=PA282&amp;lpg=PA282&amp;dq=bonus-Malus-System+einkauf&amp;source=bl&amp;ots=3D4bBkheDr&amp;sig=FPA0gdfCWvp1UCzDyFqrerElmxA&amp;hl=de&amp;ei=iMIaSpygFMLB_Qbbur3cDA&amp;sa=X&amp;oi=book_result&amp;ct=result&amp;resnum=7#PPA279,M1\">Voegele, Andreas; in Best Practice in Einkauf und Logistik; BME Bundesverband Materialwirtschaft Einkauf und Logistik e.V. (Hrsg.); 2. Auflage (2008); Gabler Verlag Wiesbaden<\/a><\/p>\n<p align=\"LEFT\"><span>Autor: M. Reed &#8211; 20100126<\/span><\/p>\n<p>&nbsp;<\/p>\n","protected":false},"excerpt":{"rendered":"<p>Beim Bonus-Malus-System handelt es sich um ein vertragliches Anreiz- und Sanktionierungssystem zwischen Vertragspartnern. Ein erw\u00fcnschter Zustand bzw. erw\u00fcnschtes Verhalten kann durch zus\u00e4tzliche Anreize als Bonus verg\u00fctet werden. Durch Vertragsstrafen k\u00f6nnen Vertragspartner belegt werden, wenn Leistungen nicht oder nur unzureichend erbracht &hellip; <a href=\"https:\/\/www.beschaffungsstrategie.de\/?page_id=606\">Weiterlesen <span class=\"meta-nav\">&rarr;<\/span><\/a><\/p>\n","protected":false},"author":1,"featured_media":0,"parent":0,"menu_order":0,"comment_status":"closed","ping_status":"closed","template":"","meta":{"footnotes":""},"class_list":["post-606","page","type-page","status-publish","hentry"],"_links":{"self":[{"href":"https:\/\/www.beschaffungsstrategie.de\/index.php?rest_route=\/wp\/v2\/pages\/606","targetHints":{"allow":["GET"]}}],"collection":[{"href":"https:\/\/www.beschaffungsstrategie.de\/index.php?rest_route=\/wp\/v2\/pages"}],"about":[{"href":"https:\/\/www.beschaffungsstrategie.de\/index.php?rest_route=\/wp\/v2\/types\/page"}],"author":[{"embeddable":true,"href":"https:\/\/www.beschaffungsstrategie.de\/index.php?rest_route=\/wp\/v2\/users\/1"}],"replies":[{"embeddable":true,"href":"https:\/\/www.beschaffungsstrategie.de\/index.php?rest_route=%2Fwp%2Fv2%2Fcomments&post=606"}],"version-history":[{"count":4,"href":"https:\/\/www.beschaffungsstrategie.de\/index.php?rest_route=\/wp\/v2\/pages\/606\/revisions"}],"predecessor-version":[{"id":3526,"href":"https:\/\/www.beschaffungsstrategie.de\/index.php?rest_route=\/wp\/v2\/pages\/606\/revisions\/3526"}],"wp:attachment":[{"href":"https:\/\/www.beschaffungsstrategie.de\/index.php?rest_route=%2Fwp%2Fv2%2Fmedia&parent=606"}],"curies":[{"name":"wp","href":"https:\/\/api.w.org\/{rel}","templated":true}]}}