{"id":653,"date":"2013-06-27T14:20:18","date_gmt":"2013-06-27T12:20:18","guid":{"rendered":"http:\/\/www.materialgruppe.de\/?page_id=653"},"modified":"2019-06-17T20:30:25","modified_gmt":"2019-06-17T18:30:25","slug":"first-pass-yield","status":"publish","type":"page","link":"https:\/\/www.beschaffungsstrategie.de\/?page_id=653","title":{"rendered":"First pass yield"},"content":{"rendered":"<p align=\"LEFT\">Mit der Kennzahl \u201eFirst Pass Yield \u2013 FPY\u201c aus dem Qualit\u00e4tsmanagement wird die Menge der Fertigungsteile erfasst, die nach dem ersten Fertigungsdurchgang fehlerfrei abgeliefert wurde [Vgl. Toutenburg; Six Sigma; S. 102]. Sie gilt in der Qualit\u00e4tssicherung auch als Ma\u00df f\u00fcr die G\u00fcte von Prozessen (Angabe des Messergebnisses bspw. in Prozent oder ppm). Im Gegensatz zur FPY wird mit der Kennzahl \u201eFinal Yield\u201c die Prozessoutputmenge nach Durchlauf aller Prozessschritte durch Multiplikation aller Teilprozessbewertungen ermittelt (bspw. Prozess 1 mit 0,9, Prozess 2 mit 0,8 und Prozess 3 mit 0,95 ermittelt: Final Yield = 0,9 x 0,8 x 0,95 = 0,68 entsprechend 68%).<\/p>\n<p align=\"LEFT\">Bei der Lieferantenbewertung kann die Kennzahl FPY auch zur Leistungsermittlung im Rahmen von Erstbemusterungen eingesetzt werden [Vgl. He\u00df; Supply-Strategien; S. 291].<\/p>\n<p align=\"LEFT\"><span style=\"color: rgb(255, 0, 0);\">15M-Architektur<\/span><span style=\"color: rgb(255, 0, 0);\"><sup>\u00ae<\/sup><\/span><span style=\"color: rgb(255, 0, 0);\">: <\/span>Modul 9: Lieferanten bewerten und klassifizieren [He\u00df; Supply-Strategien; S. 291]<\/p>\n<p align=\"LEFT\"><span style=\"color: rgb(255, 0, 0);\">Quellen\/Literaturhinweise: <\/span><a href=\"http:\/\/www.beschaffungsstrategie.de\/html\/die_15m-architekturr.html\">He\u00df, Gerhard; Supply-Strategien in Einkauf und Beschaffung; 2. Auflage (2010);&nbsp; Gabler Verlag Wiesbaden<\/a> Toutenburg, Helge; Six Sigma: Methoden und Statistik f\u00fcr die Praxis; Springer-Verlag Berlin (2008)<\/p>\n<p align=\"LEFT\"><span style=\"color: rgb(255, 0, 0);\">Verbundene Schlagworte: <\/span>First Passed Yield, Final Yield, Six Sigma, Kennzahlen der Qualit\u00e4tssicherung<\/p>\n<p align=\"LEFT\"><span style=\"color: rgb(255, 0, 0);\">Vertiefungen\/Studien:<\/span><\/p>\n<p align=\"LEFT\"><span style=\"color: rgb(255, 0, 0);\">Weiterf\u00fchrende Links: <\/span><a href=\"http:\/\/books.google.de\/books?id=VclfAUJccs0C&amp;printsec=frontcover&amp;dq=supply+strategien+in+einkauf+und+beschaffung&amp;hl=de&amp;ei=fylYTKOyNYz9sQbInLm8Cg&amp;sa=X&amp;oi=book_result&amp;ct=result&amp;resnum=1&amp;ved=0CDMQ6AEwAA#v=onepage&amp;q&amp;f=false\">He\u00df, Gerhard; Supply-Strategien in Einkauf und Beschaffung; 2. Auflage (2010); Gabler Verlag Wiesbaden<\/a><\/p>\n<p align=\"LEFT\"><a href=\"http:\/\/books.google.de\/books?id=uPu0vacHmFUC&amp;pg=PA102&amp;lpg=PA102&amp;dq=first+passed+yield&amp;source=bl&amp;ots=ccINRo90GL&amp;sig=2n15A4ZCPULWYzqGEYsupMpJHTM&amp;hl=de&amp;ei=ISXHS47QHJKvONfRgdIM&amp;sa=X&amp;oi=book_result&amp;ct=result&amp;resnum=8&amp;ved=0CBkQ6AEwBw#v=onepage&amp;q&amp;f=false\">Toutenburg, Helge; Six Sigma: Methoden und Statistik f\u00fcr die Praxis; Springer-Verlag Berlin (2008)<\/a><\/p>\n<p align=\"LEFT\">\n<p align=\"LEFT\"><span>Autor: M. Reed &#8211; 20100415<\/span><\/p>\n<p>&nbsp;<\/p>\n","protected":false},"excerpt":{"rendered":"<p>Mit der Kennzahl \u201eFirst Pass Yield \u2013 FPY\u201c aus dem Qualit\u00e4tsmanagement wird die Menge der Fertigungsteile erfasst, die nach dem ersten Fertigungsdurchgang fehlerfrei abgeliefert wurde [Vgl. Toutenburg; Six Sigma; S. 102]. Sie gilt in der Qualit\u00e4tssicherung auch als Ma\u00df f\u00fcr &hellip; <a href=\"https:\/\/www.beschaffungsstrategie.de\/?page_id=653\">Weiterlesen <span class=\"meta-nav\">&rarr;<\/span><\/a><\/p>\n","protected":false},"author":1,"featured_media":0,"parent":0,"menu_order":0,"comment_status":"closed","ping_status":"closed","template":"","meta":{"footnotes":""},"class_list":["post-653","page","type-page","status-publish","hentry"],"_links":{"self":[{"href":"https:\/\/www.beschaffungsstrategie.de\/index.php?rest_route=\/wp\/v2\/pages\/653","targetHints":{"allow":["GET"]}}],"collection":[{"href":"https:\/\/www.beschaffungsstrategie.de\/index.php?rest_route=\/wp\/v2\/pages"}],"about":[{"href":"https:\/\/www.beschaffungsstrategie.de\/index.php?rest_route=\/wp\/v2\/types\/page"}],"author":[{"embeddable":true,"href":"https:\/\/www.beschaffungsstrategie.de\/index.php?rest_route=\/wp\/v2\/users\/1"}],"replies":[{"embeddable":true,"href":"https:\/\/www.beschaffungsstrategie.de\/index.php?rest_route=%2Fwp%2Fv2%2Fcomments&post=653"}],"version-history":[{"count":2,"href":"https:\/\/www.beschaffungsstrategie.de\/index.php?rest_route=\/wp\/v2\/pages\/653\/revisions"}],"predecessor-version":[{"id":3549,"href":"https:\/\/www.beschaffungsstrategie.de\/index.php?rest_route=\/wp\/v2\/pages\/653\/revisions\/3549"}],"wp:attachment":[{"href":"https:\/\/www.beschaffungsstrategie.de\/index.php?rest_route=%2Fwp%2Fv2%2Fmedia&parent=653"}],"curies":[{"name":"wp","href":"https:\/\/api.w.org\/{rel}","templated":true}]}}