{"id":657,"date":"2013-06-27T14:21:56","date_gmt":"2013-06-27T12:21:56","guid":{"rendered":"http:\/\/www.materialgruppe.de\/?page_id=657"},"modified":"2019-06-17T20:31:58","modified_gmt":"2019-06-17T18:31:58","slug":"gesperrter-lieferant","status":"publish","type":"page","link":"https:\/\/www.beschaffungsstrategie.de\/?page_id=657","title":{"rendered":"Gesperrter Lieferant"},"content":{"rendered":"<p align=\"LEFT\">Mittels durchgef\u00fchrter Lieferantenbewertung k\u00f6nnen Ergebnisse nach \u00e4hnlichen Kriterien in Klassen zusammengefasst werden. Qualitative Unzul\u00e4nglichkeiten bei Produkten, Dienstleistungen oder Prozessen k\u00f6nnen dazu f\u00fchren, dass ein Lieferant durch Sperrung vor\u00fcbergehend oder dauerhaft in der Klasse \u201egesperrter Lieferant\u201c f\u00fcr keine Beschaffungsvorhaben dem Unternehmen zur Verf\u00fcgung steht. Wurden Gesch\u00e4ftsbeziehungen mit einem Lieferanten beendet, verhindert diese Kennzeichnung eine erneute Gesch\u00e4ftsanbahnung [Vgl. Large; Strategisches Beschaffungsmanagement; S. 153].<\/p>\n<p align=\"LEFT\"><span style=\"color: rgb(255, 0, 0);\">15M-Architektur<\/span><span style=\"color: rgb(255, 0, 0);\"><sup>\u00ae<\/sup><\/span><span style=\"color: rgb(255, 0, 0);\">: <\/span>Modul 9: Lieferanten bewerten und klassifizieren [He\u00df; Supply-Strategien; S. 305]<\/p>\n<p align=\"LEFT\"><span style=\"color: rgb(255, 0, 0);\">Quellen\/Literaturhinweise: <\/span><a href=\"http:\/\/www.beschaffungsstrategie.de\/html\/die_15m-architekturr.html\">He\u00df, Gerhard; Supply-Strategien in Einkauf und Beschaffung; 2. Auflage (2010) Gabler Verlag Wiesbaden<\/a> Large; Rudolf; Strategisches Beschaffungsmanagement; 4. Auflage (2009); Gabler Verlag Wiesbaden<\/p>\n<p align=\"LEFT\"><span style=\"color: rgb(255, 0, 0);\">Verbundene Schlagworte: <\/span>Lieferantenmanagement, bidderlist, Lieferantenstatus, Lieferanten steuern<\/p>\n<p align=\"LEFT\"><span style=\"color: rgb(255, 0, 0);\">Vertiefungen\/Studien:<\/span><\/p>\n<p align=\"LEFT\"><span style=\"color: rgb(255, 0, 0);\">Weiterf\u00fchrende Links: <\/span><a>He\u00df, Gerhard; Supply-Strategien in Einkauf und Beschaffung; 2. Auflage (2010); Gabler Verlag Wiesbaden<\/a><\/p>\n<p align=\"LEFT\">\n<p align=\"LEFT\"><span>Autor: M. Reed &#8211; 20100427<\/span><\/p>\n","protected":false},"excerpt":{"rendered":"<p>Mittels durchgef\u00fchrter Lieferantenbewertung k\u00f6nnen Ergebnisse nach \u00e4hnlichen Kriterien in Klassen zusammengefasst werden. Qualitative Unzul\u00e4nglichkeiten bei Produkten, Dienstleistungen oder Prozessen k\u00f6nnen dazu f\u00fchren, dass ein Lieferant durch Sperrung vor\u00fcbergehend oder dauerhaft in der Klasse \u201egesperrter Lieferant\u201c f\u00fcr keine Beschaffungsvorhaben dem Unternehmen &hellip; <a href=\"https:\/\/www.beschaffungsstrategie.de\/?page_id=657\">Weiterlesen <span class=\"meta-nav\">&rarr;<\/span><\/a><\/p>\n","protected":false},"author":1,"featured_media":0,"parent":0,"menu_order":0,"comment_status":"closed","ping_status":"closed","template":"","meta":{"footnotes":""},"class_list":["post-657","page","type-page","status-publish","hentry"],"_links":{"self":[{"href":"https:\/\/www.beschaffungsstrategie.de\/index.php?rest_route=\/wp\/v2\/pages\/657","targetHints":{"allow":["GET"]}}],"collection":[{"href":"https:\/\/www.beschaffungsstrategie.de\/index.php?rest_route=\/wp\/v2\/pages"}],"about":[{"href":"https:\/\/www.beschaffungsstrategie.de\/index.php?rest_route=\/wp\/v2\/types\/page"}],"author":[{"embeddable":true,"href":"https:\/\/www.beschaffungsstrategie.de\/index.php?rest_route=\/wp\/v2\/users\/1"}],"replies":[{"embeddable":true,"href":"https:\/\/www.beschaffungsstrategie.de\/index.php?rest_route=%2Fwp%2Fv2%2Fcomments&post=657"}],"version-history":[{"count":2,"href":"https:\/\/www.beschaffungsstrategie.de\/index.php?rest_route=\/wp\/v2\/pages\/657\/revisions"}],"predecessor-version":[{"id":3551,"href":"https:\/\/www.beschaffungsstrategie.de\/index.php?rest_route=\/wp\/v2\/pages\/657\/revisions\/3551"}],"wp:attachment":[{"href":"https:\/\/www.beschaffungsstrategie.de\/index.php?rest_route=%2Fwp%2Fv2%2Fmedia&parent=657"}],"curies":[{"name":"wp","href":"https:\/\/api.w.org\/{rel}","templated":true}]}}