{"id":663,"date":"2013-06-27T14:24:13","date_gmt":"2013-06-27T12:24:13","guid":{"rendered":"http:\/\/www.materialgruppe.de\/?page_id=663"},"modified":"2019-06-17T20:37:50","modified_gmt":"2019-06-17T18:37:50","slug":"just-in-sequence","status":"publish","type":"page","link":"https:\/\/www.beschaffungsstrategie.de\/?page_id=663","title":{"rendered":"Just-in-Sequence"},"content":{"rendered":"<p>Mit dem Just-In-Sequence-Lieferkonzept (JIS) ist eine produktionssynchrone Materialbereitstellung und Bestandsoptimierung realisierbar. In Abh\u00e4ngigkeit von der Wiederbeschaffungszeit und der Auftragsstruktur k\u00f6nnen die Lieferabrufe bei JIS erfolgen, sodass eine weitere Lagerhaltung am Produktionsort entf\u00e4llt. Hohe Anforderungen an das Qualit\u00e4tsmanagement (Nullfehlerphilosophie) und die Logistikleistungen sind Voraussetzungen, um St\u00f6rungen zu vermeiden. Basierend auf den Prinzipien des Just-In-Time-Lieferkonzepts (JIT) f\u00fcr die sortenreine Belieferung zu einem vereinbarten Zeitfenster (Direktbelieferung bei hohem Volumen und niedriger Varianz\/Variantenvielfalt), bietet das JIS \u2013 eine Erweiterung des JIT \u2013 die reihenfolgeabh\u00e4ngige Belieferung (auftragsspezifisch) bei hoher Varianz der gelieferten Teile. Der Steuerungsaufwand bei JIS ist dadurch h\u00f6her als bei JIT. Vorwiegend anzutreffen ist JIS in der Automobil-Endmontage [Vgl. Hering; Taschenbuch Wirtschaftsingenieure; S. 275].<\/p>\n<p><span style=\"color: rgb(255, 0, 0);\">15M-Architektur: <\/span>Modul 7: Gestaltungsfelder analysieren und strategische Optionen identifizieren [He\u00df; Supply-Strategien; S. 260]<\/p>\n<p><span style=\"color: rgb(255, 0, 0);\">Quellen\/Literaturhinweise: <\/span>Hering, Ekbert; Taschenbuch f\u00fcr Wirtschaftsingenieure; 2. Auflage (2009); Carl Hanser Verlag M\u00fcnchen <a href=\"http:\/\/www.beschaffungsstrategie.de\/html\/die_15m-architekturr.html\">He\u00df, Gerhard; Supply-Strategien in Einkauf und Beschaffung; 2. Auflage (2010); Gabler Verlag Wiesbaden<\/a><\/p>\n<p><span style=\"color: rgb(255, 0, 0);\">Verbundene Schlagworte: <\/span>Produktionssynchrone Belieferung, Toyota Produktion, KAIZEN, KVP, Lean Production, Six Sigma, Qualit\u00e4tsmanagement<\/p>\n<p><span style=\"color: rgb(255, 0, 0);\">Vertiefungen\/Studien:<\/span><\/p>\n<p><span style=\"color: rgb(255, 0, 0);\">Weiterf\u00fchrende Links: <\/span><a href=\"http:\/\/books.google.de\/books?id=sd0-Cqg9dI4C&amp;pg=PA273&amp;dq=just+in+sequence&amp;hl=de&amp;ei=w13tS_jkGc2UONesoK4I&amp;sa=X&amp;oi=book_result&amp;ct=result&amp;resnum=3&amp;ved=0CDcQ6AEwAg#v=onepage&amp;q=just%20in%20sequence&amp;f=false\">Hering, Ekbert; Taschenbuch f\u00fcr Wirtschaftsingenieure; 2. Auflage (2009); Carl Hanser Verlag M\u00fcnchen<\/a><\/p>\n<p><a href=\"http:\/\/books.google.de\/books?id=VclfAUJccs0C&amp;printsec=frontcover&amp;dq=supply+strategien+in+einkauf+und+beschaffung&amp;hl=de&amp;ei=fylYTKOyNYz9sQbInLm8Cg&amp;sa=X&amp;oi=book_result&amp;ct=result&amp;resnum=1&amp;ved=0CDMQ6AEwAA#v=onepage&amp;q&amp;f=false\">He\u00df, Gerhard; Supply-Strategien in Einkauf und Beschaffung; 2. Auflage (2010); Gabler Verlag Wiesbaden<\/a><\/p>\n<p>&nbsp;<\/p>\n<p><span>Autor: M. Reed &#8211; 20100514 &nbsp;<\/span><\/p>\n","protected":false},"excerpt":{"rendered":"<p>Mit dem Just-In-Sequence-Lieferkonzept (JIS) ist eine produktionssynchrone Materialbereitstellung und Bestandsoptimierung realisierbar. In Abh\u00e4ngigkeit von der Wiederbeschaffungszeit und der Auftragsstruktur k\u00f6nnen die Lieferabrufe bei JIS erfolgen, sodass eine weitere Lagerhaltung am Produktionsort entf\u00e4llt. Hohe Anforderungen an das Qualit\u00e4tsmanagement (Nullfehlerphilosophie) und die &hellip; <a href=\"https:\/\/www.beschaffungsstrategie.de\/?page_id=663\">Weiterlesen <span class=\"meta-nav\">&rarr;<\/span><\/a><\/p>\n","protected":false},"author":1,"featured_media":0,"parent":0,"menu_order":0,"comment_status":"closed","ping_status":"closed","template":"","meta":{"footnotes":""},"class_list":["post-663","page","type-page","status-publish","hentry"],"_links":{"self":[{"href":"https:\/\/www.beschaffungsstrategie.de\/index.php?rest_route=\/wp\/v2\/pages\/663","targetHints":{"allow":["GET"]}}],"collection":[{"href":"https:\/\/www.beschaffungsstrategie.de\/index.php?rest_route=\/wp\/v2\/pages"}],"about":[{"href":"https:\/\/www.beschaffungsstrategie.de\/index.php?rest_route=\/wp\/v2\/types\/page"}],"author":[{"embeddable":true,"href":"https:\/\/www.beschaffungsstrategie.de\/index.php?rest_route=\/wp\/v2\/users\/1"}],"replies":[{"embeddable":true,"href":"https:\/\/www.beschaffungsstrategie.de\/index.php?rest_route=%2Fwp%2Fv2%2Fcomments&post=663"}],"version-history":[{"count":2,"href":"https:\/\/www.beschaffungsstrategie.de\/index.php?rest_route=\/wp\/v2\/pages\/663\/revisions"}],"predecessor-version":[{"id":3556,"href":"https:\/\/www.beschaffungsstrategie.de\/index.php?rest_route=\/wp\/v2\/pages\/663\/revisions\/3556"}],"wp:attachment":[{"href":"https:\/\/www.beschaffungsstrategie.de\/index.php?rest_route=%2Fwp%2Fv2%2Fmedia&parent=663"}],"curies":[{"name":"wp","href":"https:\/\/api.w.org\/{rel}","templated":true}]}}