{"id":667,"date":"2013-06-27T14:25:29","date_gmt":"2013-06-27T12:25:29","guid":{"rendered":"http:\/\/www.materialgruppe.de\/?page_id=667"},"modified":"2019-06-17T20:39:32","modified_gmt":"2019-06-17T18:39:32","slug":"kanban","status":"publish","type":"page","link":"https:\/\/www.beschaffungsstrategie.de\/?page_id=667","title":{"rendered":"Kanban"},"content":{"rendered":"<p>Das Kanban-System ist eine dezentrale Steuerung, die nach dem PULL-Prinzip (verbrauchsorientiert, Hol- oder Ziehprinzip) in selbststeuernden Regelkreisen f\u00fcr eine bestandsarme Materialbereitstellung sorgt. Kanban selbst bedeutet Karte bzw. Pendelkarte und kommt aus dem Japanischen. Ein Fertigungs- oder Beschaffungsauftrag wird erst nach Verbrauch einer festgelegten Menge bei der nachgelagerten Produktionsstufe ausgel\u00f6st. Die Informations\u00fcbermittlung erfolgte fr\u00fcher \u00fcberwiegend durch Kanbankarten oder Steuertafeln, wobei heute Barcodes&nbsp; und das Internet (\u00dcbermittlung via Webcam) als elektronische Medien diesen Vorgang unterst\u00fctzen [Vgl. Weber; Kanban-Einf\u00fchrung; S. 6]. Generell gilt Kanban wegen seiner Einfachheit als weltweit eines der h\u00e4ufigsten eingesetzten Steuerungssysteme, da es trotz der vielf\u00e4ltigen F\u00e4higkeiten moderner Informationstechnologien Komplexit\u00e4t reduziert und bei konsequenter Umsetzung der Kanbanregeln eine geringe St\u00f6rungsanf\u00e4lligkeit besitzt [Vgl. Dickmann; Schlanker Materialfluss; S. 163]. Risiken bzw. eine Nichteignung von Kanban-Systemen ergeben sich bei Produkten\/Materialien mit hoher Variantenzahl, bei hoher \u00c4nderungsh\u00e4ufigkeit der Produkte, bei schwankenden Bedarfsverl\u00e4ufen oder bei guter Anlagenverf\u00fcgbarkeit mit kurzen R\u00fcstzeiten [Vgl. He\u00df; Supply-Strategien; S. 259].<\/p>\n<p><span style=\"color: rgb(255, 0, 0);\">15M-Architektur: <\/span>Modul 7: Gestaltungsfelder analysieren und strategische Optionen identifizieren [He\u00df; Supply-Strategien; S. 259]<\/p>\n<p><span style=\"color: rgb(255, 0, 0);\">Quellen\/Literaturhinweise: <\/span>Dickmann, Philipp; Schlanker Materialfluss; 2. Auflage (2009); Springer Verlag Berlin <a href=\"http:\/\/www.beschaffungsstrategie.de\/html\/die_15m-architekturr.html\">He\u00df, Gerhard; Supply-Strategien in Einkauf und Beschaffung; 2. Auflage (2010); Gabler Verlag Wiesbaden<\/a> Weber, Rainer; Kanban-Einf\u00fchrung; 6. Auflage (2008); expert Verlag Renningen<\/p>\n<p><span style=\"color: rgb(255, 0, 0);\">Verbundene Schlagworte: <\/span>Kanbankarte, Produktions-Kanban, Transport-Kanban, Kanban Prinzipien, Six Sigma, Reduzierung Best\u00e4nde, Qualit\u00e4tsmanagement, Kanban Regeln, Kanbansystem, Berechnung, Formel<\/p>\n<p><span style=\"color: rgb(255, 0, 0);\">Vertiefungen\/Studien:<\/span><\/p>\n<p><span style=\"color: rgb(255, 0, 0);\">Weiterf\u00fchrende Links: <\/span><a href=\"http:\/\/books.google.de\/books?id=4stcWVjc5TIC&amp;printsec=frontcover&amp;dq=kanban&amp;hl=de&amp;ei=FqBaTPINyJaxBtipwXo&amp;sa=X&amp;oi=book_result&amp;ct=result&amp;resnum=2&amp;ved=0CDsQ6AEwAQ#v=onepage&amp;q&amp;f=false\">Dickmann, Philipp; Schlanker Materialfluss; 2. Auflage (2009); Springer Verlag Berlin<\/a><\/p>\n<p><a href=\"http:\/\/books.google.de\/books?id=VclfAUJccs0C&amp;printsec=frontcover&amp;dq=supply+strategien+in+einkauf+und+beschaffung&amp;hl=de&amp;ei=fylYTKOyNYz9sQbInLm8Cg&amp;sa=X&amp;oi=book_result&amp;ct=result&amp;resnum=1&amp;ved=0CDMQ6AEwAA#v=onepage&amp;q&amp;f=false\">He\u00df, Gerhard; Supply-Strategien in Einkauf und Beschaffung; 2. Auflage (2010); Gabler Verlag Wiesbaden<\/a><\/p>\n<p><a href=\"http:\/\/www.supplyon.com\/kanban.html\">Kanban-Steuerung mit Supplyon<\/a><\/p>\n<p>&nbsp;<\/p>\n<p><span>Autor: M. Reed &#8211; 20100805 &nbsp;<\/span><\/p>\n","protected":false},"excerpt":{"rendered":"<p>Das Kanban-System ist eine dezentrale Steuerung, die nach dem PULL-Prinzip (verbrauchsorientiert, Hol- oder Ziehprinzip) in selbststeuernden Regelkreisen f\u00fcr eine bestandsarme Materialbereitstellung sorgt. Kanban selbst bedeutet Karte bzw. Pendelkarte und kommt aus dem Japanischen. Ein Fertigungs- oder Beschaffungsauftrag wird erst nach &hellip; <a href=\"https:\/\/www.beschaffungsstrategie.de\/?page_id=667\">Weiterlesen <span class=\"meta-nav\">&rarr;<\/span><\/a><\/p>\n","protected":false},"author":1,"featured_media":0,"parent":0,"menu_order":0,"comment_status":"closed","ping_status":"closed","template":"","meta":{"footnotes":""},"class_list":["post-667","page","type-page","status-publish","hentry"],"_links":{"self":[{"href":"https:\/\/www.beschaffungsstrategie.de\/index.php?rest_route=\/wp\/v2\/pages\/667","targetHints":{"allow":["GET"]}}],"collection":[{"href":"https:\/\/www.beschaffungsstrategie.de\/index.php?rest_route=\/wp\/v2\/pages"}],"about":[{"href":"https:\/\/www.beschaffungsstrategie.de\/index.php?rest_route=\/wp\/v2\/types\/page"}],"author":[{"embeddable":true,"href":"https:\/\/www.beschaffungsstrategie.de\/index.php?rest_route=\/wp\/v2\/users\/1"}],"replies":[{"embeddable":true,"href":"https:\/\/www.beschaffungsstrategie.de\/index.php?rest_route=%2Fwp%2Fv2%2Fcomments&post=667"}],"version-history":[{"count":2,"href":"https:\/\/www.beschaffungsstrategie.de\/index.php?rest_route=\/wp\/v2\/pages\/667\/revisions"}],"predecessor-version":[{"id":3558,"href":"https:\/\/www.beschaffungsstrategie.de\/index.php?rest_route=\/wp\/v2\/pages\/667\/revisions\/3558"}],"wp:attachment":[{"href":"https:\/\/www.beschaffungsstrategie.de\/index.php?rest_route=%2Fwp%2Fv2%2Fmedia&parent=667"}],"curies":[{"name":"wp","href":"https:\/\/api.w.org\/{rel}","templated":true}]}}