{"id":718,"date":"2013-06-27T14:45:41","date_gmt":"2013-06-27T12:45:41","guid":{"rendered":"http:\/\/www.materialgruppe.de\/?page_id=718"},"modified":"2019-06-17T21:31:24","modified_gmt":"2019-06-17T19:31:24","slug":"maverick-buying","status":"publish","type":"page","link":"https:\/\/www.beschaffungsstrategie.de\/?page_id=718","title":{"rendered":"Maverick Buying"},"content":{"rendered":"<p>Alle Beschaffungsvorg\u00e4nge am Einkaufssystem vorbei, bezeichnet man als Maverick Buying. Ausgehend vom Kreditorenvolumen eines Unternehmens k\u00f6nnen die Potenziale des Maverick Buyings aufgesp\u00fcrt werden. Maverick Buying kann u.a. bei Bestellungen von Materialien (h\u00e4ufiger bei indirektem Material sowie C-Teile und B\u00fcromaterial), Dienstleistungen (Reisebuchung, Hotel\u00fcbernachtungen, Marketingma\u00dfnahmen, Beratungen) und Software ohne Beachtung eines vorhandenen Rahmenvertrags mit einem Lieferanten, vorkommen. Ebenso f\u00e4llt die Bestellung ohne Nutzung eines vorhandenen E-Ordering-Systems (E-Procurement) darunter.<\/p>\n<p>Beschaffungsvorg\u00e4nge ohne Verantwortung der Einkaufsabteilung sind jedoch nicht grunds\u00e4tzlich dem Maverick Buying zuzuordnen, da bewusste Entscheidungen bspw. zur Energiebeschaffung, der dezentralen Kontraktnutzung oder zugunsten von externem Knowhow getroffen werden.<\/p>\n<p>Eine Studie des Konradin Verlags [Vgl. BA Beschaffung aktuell; Heft 10\/2010; S.13] zu den Einflussm\u00f6glichkeiten des Einkaufs w\u00e4hrend einer Produktentwicklung im deutschen Maschinenbau: \u201e47% der&nbsp; Einkaufsabteilungen deutscher Maschinenbauer sind kaum oder gar nicht in die Produktion mit eingebunden\u2026\u201c Ben\u00f6tigte Dienstleistungen, Erstbemusterungen und sogar die Festlegungen f\u00fcr den Gro\u00dfteil der Bauteile werden durch den Entwickler festgelegt, ohne dabei den Einkauf bei der Suche nach Alternativen zu integrieren. \u201eMehr als ein Viertel aller gro\u00dfen Maschinenbauer mit einem Umsatz von \u00fcber 100 Mio. Euro sowie mehr als ein Drittel der Unternehmen mit einem Umsatz unter 100 Mio. Euro verf\u00fcgen \u00fcber keine schriftlich fixierte Einkaufsstrategie.\u201c [BA Beschaffung aktuell; Heft 10\/2010; S.13] Ohne klare Einkaufsstrategie treten unkoordinierte Beschaffungsvorg\u00e4nge auf, durch die eine Verhandlungsposition des Einkaufs geschw\u00e4cht werden kann.<\/p>\n<p>M\u00f6gliche Folgen durch Maverick Buying [Vgl. SoftConCis; Maverick Buying]:<\/p>\n<ul>\n<li>Unabgestimmte Prozesse<\/li>\n<li>Vergleichbar h\u00f6here Kosten durch nicht bzw. schlecht gef\u00fchrte Verhandlungen<\/li>\n<li>Fehlende Preisvergleiche<\/li>\n<li>Nachforderungen durch mangelnde Kenntnis in der Vertragsgestaltung<\/li>\n<li>Unkenntnis, wie viel ausgegeben wird (vor allem im indirekten Bereich)<\/li>\n<\/ul>\n<p>Dar\u00fcber hinaus sollten Kostenbetrachtungen nach der Total Cost of Ownership Betrachtung angestellt werden. Ein kurzfristig niedrigerer Preis eines neuen Lieferanten ohne Bezug zur Einkaufsabteilung kann durch folgende Services deutlich teurer werden, wenn bspw. Wartungen oder Instandsetzungen notwendig sind [Vgl. Werner; SCM; S.34]. Investitionen eines E-Procurementsystem k\u00f6nnen sich nur bezahlt machen, wenn Skaleneffekte erreicht werden und ein m\u00f6glichst hohes B\u00fcndelungsvolumen \u00fcber den Einkauf beschafft erreicht wird [Vgl. Stoll; E-Procurement; S.213].<\/p>\n<p><span style=\"color: rgb(255, 0, 0);\">15M-Architektur: <\/span>Modul 2: Supply-Ziele formulieren [He\u00df; Supply-Strategien; S. 106]<\/p>\n<p><span style=\"color: rgb(255, 0, 0);\">Quellen\/Literaturhinweise: <\/span><a href=\"http:\/\/www.beschaffungsstrategie.de\/html\/die_15m-architekturr.html\">He\u00df, Gerhard; Supply-Strategien in Einkauf und Beschaffung; 2. Auflage (2010); Gabler Verlag Wiesbaden<\/a> Stoll, Patrick; Der Einsatz von E-Procurement in mittelgro\u00dfen Unternehmen; Gabler Verlag Wiesbaden (2008) <a href=\"http:\/\/books.google.de\/books?id=5MvKNymykfYC&amp;pg=PA34&amp;lpg=PA34&amp;dq=maverick+buying&amp;source=bl&amp;ots=lR3DMyzFsG&amp;sig=agd5NKBLMMHTc1_3Zh4OpxBf208&amp;hl=de&amp;ei=ZgTZTL-DHIX5sgan2fiGCA&amp;sa=X&amp;oi=book_result&amp;ct=result&amp;resnum=5&amp;ved=0CCkQ6AEwBA#v=onepage&amp;q=maverick%20buying&amp;\">Werner, Hartmut; Supply Chain Management; 3. Auflage (2008); Gabler Verlag Wiesbaden<\/a><\/p>\n<p><span style=\"color: rgb(255, 0, 0);\">Verbundene Schlagworte: <\/span>Weiterbildung, Einkaufscontrolling, Master<\/p>\n<p><span style=\"color: rgb(255, 0, 0);\">Vertiefungen\/Studien: <\/span><a href=\"http:\/\/www.wiso-net.de\/webcgi?START=A20&amp;T_FORMAT=5&amp;DOKM=1495715_ZECO_0&amp;TREFFER_NR=2&amp;WID=02652-8130340-93923_2\">BA Beschaffung aktuell; Heft 10\/2010; Konradin Verlag Leinfelden-Echterdingen; S.13<\/a> <a href=\"http:\/\/www.softconcis.de\/glossar.php\">Glossar Softconcis<\/a><\/p>\n<p><span style=\"color: rgb(255, 0, 0);\">Weiterf\u00fchrende Links: <\/span><a href=\"http:\/\/books.google.de\/books?id=VclfAUJccs0C&amp;printsec=frontcover&amp;dq=supply+strategien+in+einkauf+und+beschaffung&amp;hl=de&amp;ei=fylYTKOyNYz9sQbInLm8Cg&amp;sa=X&amp;oi=book_result&amp;ct=result&amp;resnum=1&amp;ved=0CDMQ6AEwAA#v=onepage&amp;q&amp;f=false\">He\u00df, Gerhard; Supply-Strategien in Einkauf und Beschaffung; 2. Auflage (2010); Gabler Verlag Wiesbaden<\/a><\/p>\n<p>&nbsp;<\/p>\n<p><span>Autor: M. Reed &#8211; 20101110 <\/span><\/p>\n","protected":false},"excerpt":{"rendered":"<p>Alle Beschaffungsvorg\u00e4nge am Einkaufssystem vorbei, bezeichnet man als Maverick Buying. Ausgehend vom Kreditorenvolumen eines Unternehmens k\u00f6nnen die Potenziale des Maverick Buyings aufgesp\u00fcrt werden. Maverick Buying kann u.a. bei Bestellungen von Materialien (h\u00e4ufiger bei indirektem Material sowie C-Teile und B\u00fcromaterial), Dienstleistungen &hellip; <a href=\"https:\/\/www.beschaffungsstrategie.de\/?page_id=718\">Weiterlesen <span class=\"meta-nav\">&rarr;<\/span><\/a><\/p>\n","protected":false},"author":1,"featured_media":0,"parent":0,"menu_order":0,"comment_status":"closed","ping_status":"closed","template":"","meta":{"footnotes":""},"class_list":["post-718","page","type-page","status-publish","hentry"],"_links":{"self":[{"href":"https:\/\/www.beschaffungsstrategie.de\/index.php?rest_route=\/wp\/v2\/pages\/718","targetHints":{"allow":["GET"]}}],"collection":[{"href":"https:\/\/www.beschaffungsstrategie.de\/index.php?rest_route=\/wp\/v2\/pages"}],"about":[{"href":"https:\/\/www.beschaffungsstrategie.de\/index.php?rest_route=\/wp\/v2\/types\/page"}],"author":[{"embeddable":true,"href":"https:\/\/www.beschaffungsstrategie.de\/index.php?rest_route=\/wp\/v2\/users\/1"}],"replies":[{"embeddable":true,"href":"https:\/\/www.beschaffungsstrategie.de\/index.php?rest_route=%2Fwp%2Fv2%2Fcomments&post=718"}],"version-history":[{"count":2,"href":"https:\/\/www.beschaffungsstrategie.de\/index.php?rest_route=\/wp\/v2\/pages\/718\/revisions"}],"predecessor-version":[{"id":3584,"href":"https:\/\/www.beschaffungsstrategie.de\/index.php?rest_route=\/wp\/v2\/pages\/718\/revisions\/3584"}],"wp:attachment":[{"href":"https:\/\/www.beschaffungsstrategie.de\/index.php?rest_route=%2Fwp%2Fv2%2Fmedia&parent=718"}],"curies":[{"name":"wp","href":"https:\/\/api.w.org\/{rel}","templated":true}]}}