{"id":747,"date":"2013-06-27T14:59:33","date_gmt":"2013-06-27T12:59:33","guid":{"rendered":"http:\/\/www.materialgruppe.de\/?page_id=747"},"modified":"2022-10-05T10:24:11","modified_gmt":"2022-10-05T08:24:11","slug":"risikomanagement","status":"publish","type":"page","link":"https:\/\/www.beschaffungsstrategie.de\/?page_id=747","title":{"rendered":"Risikomanagement"},"content":{"rendered":"<table style=\"width: 740px;\" border=\"0\" cellspacing=\"0\" cellpadding=\"0\">\n<tbody>\n<tr align=\"LEFT\" valign=\"TOP\">\n<td><\/td>\n<td colspan=\"2\" width=\"640\"><img decoding=\"async\" src=\"http:\/\/www.beschaffungsstrategie.de\/wp-content\/uploads\/2022\/03\/Ganzheitliches-Risikomanagement-und-Resilienz-Online-Workshopkonzept.png\" \/><strong>Ganzheitliches Risikomanagement und Resilienz im Einkauf und in der Lieferkette<\/strong><\/p>\n<p><strong>Auf Basis der 15M-Architektur der Supply-Strategie<\/strong><\/p>\n<p>Risikomanagement im Einkauf ist facettenreich!<\/p>\n<p>Lernen Sie einen systematischen und ganzheitlichen Ansatz zur Steuerung der Risiken im Einkauf und in den Lieferketten kennen und entwerfen Sie eine Roadmap, wie Sie Ihr Risikomanagement fortentwickeln.<\/p>\n<p>5 Einheiten<\/p>\n<p><strong><a href=\"http:\/\/www.beschaffungsstrategie.de\/?page_id=1363\" data-type=\"page\" data-id=\"1363\">Mehr<\/a><\/strong><\/p>\n<p><strong>\u00a0<\/strong><strong><img decoding=\"async\" src=\"http:\/\/www.beschaffungsstrategie.de\/wp-content\/uploads\/2022\/03\/Risikomanagement-in-der-Supply-Chain.png\" \/>\u00a0<\/strong><\/p>\n<p>Im Allgemeinen sind Risiken innerhalb von Supply Chains im Beschaffungs-, Produktions- und Absatzbereich vorhanden. Abh\u00e4ngigkeiten von Informationstechnologie, Abstimmungsrisiken in Kooperationen mit Unternehmen und Transport-\/Bevorratungsrisiken stellen permanente Risikofaktoren dar.<\/p>\n<p>Aufgrund von Marktunvollkommenheiten (z.B. Bauchentscheidungen der Teilnehmer), asymmetrischer Informationsverteilung und auftretender Transaktionskosten, l\u00e4sst sich der Aufwand eines Risikomanagements nach Peter Kaj\u00fcter [Vgl. Kaj\u00fcter in Vahrenkamp (Hrsg.); Risikomanagement; S. 18] folgenderma\u00dfen \u00f6konomisch begr\u00fcnden:<\/p>\n<ul>\n<li>Kostenvorteile bei der fachm\u00e4nnischen Einsch\u00e4tzung einer wertsteigernden Risikoposition<\/li>\n<li>Reduzierung von Opportunit\u00e4tskosten in der Supply Chain<\/li>\n<li>Ausweis zur finanziellen Stabilit\u00e4t gegen\u00fcber Kunden und Lieferanten<\/li>\n<\/ul>\n<p>Durch die zunehmende Konzentration auf Kernkompetenzen und einhergehendes Outsourcing wuchs die Abh\u00e4ngigkeit zu Drittunternehmen. Im Supply Chain Management wurde \u201e\u2026die Anzahl der Lieferanten reduziert, Personen- und Maschinenkapazit\u00e4ten abgebaut, Produktion und Distribution zentralisiert sowie Lagerbest\u00e4nde in der Supply Chain heruntergesetzt.\u201c [Ziegenbein; Supply Chain Risiken; S. 1] Unternehmensausrichtungen auf kurzfristige Erfolgsausweise bspw. gegen\u00fcber Aktion\u00e4ren und der starke Wettbewerbsdruck, f\u00fchrten zu Einsparungen und den Abbau von Redundanzen in Supply Chains. Dadurch erh\u00f6hte sich jedoch die Verwundbarkeit bei St\u00f6rungen.<\/p>\n<p>Unternehmens\u00fcbergreifende Abh\u00e4ngigkeiten und Engp\u00e4sse m\u00fcssen deshalb ausf\u00fchrlich unter Risikogesichtspunkten identifiziert, bewertet und gesteuert werden (Siehe Abb.).<\/td>\n<td><\/td>\n<\/tr>\n<tr align=\"LEFT\" valign=\"TOP\">\n<td colspan=\"4\" height=\"17\"><\/td>\n<\/tr>\n<tr align=\"LEFT\" valign=\"TOP\">\n<td height=\"396\"><\/td>\n<td colspan=\"3\" width=\"646\"><a href=\"http:\/\/www.beschaffungsstrategie.de\/wp-content\/uploads\/2013\/06\/Risikomanagement.jpg\"><img loading=\"lazy\" decoding=\"async\" class=\" wp-image-2069 alignleft\" src=\"http:\/\/www.beschaffungsstrategie.de\/wp-content\/uploads\/2013\/06\/Risikomanagement.jpg\" alt=\"Risikomanagement\" width=\"508\" height=\"308\" srcset=\"https:\/\/www.beschaffungsstrategie.de\/wp-content\/uploads\/2013\/06\/Risikomanagement.jpg 847w, https:\/\/www.beschaffungsstrategie.de\/wp-content\/uploads\/2013\/06\/Risikomanagement-300x182.jpg 300w, https:\/\/www.beschaffungsstrategie.de\/wp-content\/uploads\/2013\/06\/Risikomanagement-494x300.jpg 494w\" sizes=\"auto, (max-width: 508px) 100vw, 508px\" \/><\/a><\/td>\n<\/tr>\n<tr align=\"LEFT\" valign=\"TOP\">\n<td colspan=\"4\" height=\"3\"><\/td>\n<\/tr>\n<tr align=\"LEFT\" valign=\"TOP\">\n<td><\/td>\n<td colspan=\"3\" width=\"646\">\n<p align=\"CENTER\"><i>Abb.: Abl\u00e4ufe zu Risiken in Supply-Chains [Ziegenbein; Supply Chain Risiken; S. 69]<\/i><\/p>\n<p align=\"LEFT\">Bereits bei der Zieldefinition von Supply-Zielen zur Beschaffung m\u00fcssen Risiken aus dem Produktionsbereich und dem Einkaufsmarkt ber\u00fccksichtigt werden [Vgl. He\u00df; Supply-Strategien; S. 107].<\/p>\n<p align=\"LEFT\"><span style=\"color: #ff0000;\">15M-Architektur:<br \/>\n<\/span>Modul 2: Supply-Ziele formulieren [He\u00df; Supply-Strategien; S. 107]<\/p>\n<p align=\"LEFT\"><span style=\"color: #ff0000;\">Quellen\/Literaturhinweise:<br \/>\n<\/span><a title=\"15M-Architektur\" href=\"http:\/\/www.beschaffungsstrategie.de\/?page_id=12\">He\u00df, Gerhard; Supply-Strategien in Einkauf und Beschaffung; 2. Auflage (2010); Gabler Verlag Wiesbaden <\/a><br \/>\nVahrenkamp, Richard (Hrsg.); Risikomanagement in Supply Chains; Erich Schmidt Verlag Berlin (2007)<br \/>\nZiegenbein Arne; Supply Chain Risiken; vdf Hochschulverlag Z\u00fcrich (2007)<\/p>\n<p align=\"LEFT\"><span style=\"color: #ff0000;\">Verbundene Schlagworte:<br \/>\n<\/span>Supply Risk Management, Risikomanagement, Management Risk Controlling, Risikocontrolling, Prozesse<\/p>\n<p align=\"LEFT\"><span style=\"color: #ff0000;\">Vertiefungen\/Studien:<br \/>\n<\/span>Historische Entwicklung des Risikobegriffs und der mathematischen Berechnungsmethoden unter:<br \/>\n<a href=\"http:\/\/books.google.de\/books?id=UX0uc8M8iuQC&amp;printsec=frontcover&amp;dq=Peter+Hager:+Erfolgsfaktor+Risiko-Management&amp;source=bl&amp;ots=Gcacqukiox&amp;sig=ujWfau8_aKncEmmwTUG6nxGes4U&amp;hl=de&amp;ei=g5MhTeTUD8-48gOx-uHjBQ&amp;sa=X&amp;oi=book_result&amp;ct=result&amp;resnum=1&amp;ved=0CBwQ6AEwA\">Romeike, Frank; Erfolgsfaktor Risiko-Management 2.0; 2. Auflage (2009); Gabler Verlag Wiesbaden<\/a><\/p>\n<p align=\"LEFT\"><span style=\"color: #ff0000;\">Weiterf\u00fchrende Links:<br \/>\n<\/span><a href=\"http:\/\/books.google.de\/books?id=KP1jD4XJjZUC&amp;pg=PA33&amp;dq=risikomanagement+supply+chain&amp;hl=de&amp;ei=ExASTZG6LMrn4AbM4rGGAg&amp;sa=X&amp;oi=book_result&amp;ct=result&amp;resnum=2&amp;ved=0CDYQ6AEwAQ#v=onepage&amp;q=risikomanagement%20supply%20chain&amp;f=false\">B\u00f6ger, Mareike; Gestaltungsans\u00e4tze und Determinanten des Supply Chain Risk Managements; Josef EUL Verlag Lohmar-K\u00f6ln (2010) <\/a><\/p>\n<p align=\"LEFT\"><a href=\"http:\/\/books.google.de\/books?id=VclfAUJccs0C&amp;printsec=frontcover&amp;dq=supply+strategien+in+einkauf+und+beschaffung&amp;hl=de&amp;ei=fylYTKOyNYz9sQbInLm8Cg&amp;sa=X&amp;oi=book_result&amp;ct=result&amp;resnum=1&amp;ved=0CDMQ6AEwAA#v=onepage&amp;q&amp;f=false\">He\u00df, Gerhard; Supply-Strategien in Einkauf und Beschaffung; 2. Auflage (2010); Gabler Verlag Wiesbaden<\/a><\/p>\n<p align=\"LEFT\"><a href=\"http:\/\/books.google.de\/books?id=kAg4z1muM7gC&amp;pg=PA29&amp;lpg=PA29&amp;dq=risikomanagement+supply+chain&amp;source=bl&amp;ots=t-0Ogyo9IX&amp;sig=kj3kOBzbOZpDF4FKdGKhNrpGvdQ&amp;hl=de&amp;ei=kwMSTY3lG8Ws8QPt9qiDBw&amp;sa=X&amp;oi=book_result&amp;ct=result&amp;resnum=5&amp;ved=0CCwQ6AEwBDge#v=onepage&amp;q=ri\">Vahrenkamp, Richard (Hrsg.); Risikomanagement in Supply Chains; Erich Schmidt Verlag Berlin (2007)<\/a><\/p>\n<p align=\"LEFT\"><a href=\"http:\/\/books.google.de\/books?id=YZ4lLDMIUFgC&amp;pg=PA1&amp;lpg=PA1&amp;dq=wurden+die+Anzahl+der+Lieferanten+reduziert,+Personen-+und+Maschinenkapazit%C3%A4ten+abgebaut,+Produktion+und+Distribution+zentralisiert+sowie+Lagerbest%C3%A4nde+in+der+Supply+Chain+herunterge\">Ziegenbein Arne; Supply Chain Risiken; vdf Hochschulverlag Z\u00fcrich (2007)<\/a><\/p>\n<p align=\"LEFT\">Autor: M. Reed &#8211; 20110103<\/p>\n<\/td>\n<\/tr>\n<\/tbody>\n<\/table>\n","protected":false},"excerpt":{"rendered":"<p>Ganzheitliches Risikomanagement und Resilienz im Einkauf und in der Lieferkette Auf Basis der 15M-Architektur der Supply-Strategie Risikomanagement im Einkauf ist facettenreich! Lernen Sie einen systematischen und ganzheitlichen Ansatz zur Steuerung der Risiken im Einkauf und in den Lieferketten kennen und &hellip; <a href=\"https:\/\/www.beschaffungsstrategie.de\/?page_id=747\">Weiterlesen <span class=\"meta-nav\">&rarr;<\/span><\/a><\/p>\n","protected":false},"author":1,"featured_media":0,"parent":0,"menu_order":0,"comment_status":"closed","ping_status":"closed","template":"","meta":{"footnotes":""},"class_list":["post-747","page","type-page","status-publish","hentry"],"_links":{"self":[{"href":"https:\/\/www.beschaffungsstrategie.de\/index.php?rest_route=\/wp\/v2\/pages\/747","targetHints":{"allow":["GET"]}}],"collection":[{"href":"https:\/\/www.beschaffungsstrategie.de\/index.php?rest_route=\/wp\/v2\/pages"}],"about":[{"href":"https:\/\/www.beschaffungsstrategie.de\/index.php?rest_route=\/wp\/v2\/types\/page"}],"author":[{"embeddable":true,"href":"https:\/\/www.beschaffungsstrategie.de\/index.php?rest_route=\/wp\/v2\/users\/1"}],"replies":[{"embeddable":true,"href":"https:\/\/www.beschaffungsstrategie.de\/index.php?rest_route=%2Fwp%2Fv2%2Fcomments&post=747"}],"version-history":[{"count":11,"href":"https:\/\/www.beschaffungsstrategie.de\/index.php?rest_route=\/wp\/v2\/pages\/747\/revisions"}],"predecessor-version":[{"id":4225,"href":"https:\/\/www.beschaffungsstrategie.de\/index.php?rest_route=\/wp\/v2\/pages\/747\/revisions\/4225"}],"wp:attachment":[{"href":"https:\/\/www.beschaffungsstrategie.de\/index.php?rest_route=%2Fwp%2Fv2%2Fmedia&parent=747"}],"curies":[{"name":"wp","href":"https:\/\/api.w.org\/{rel}","templated":true}]}}