{"id":797,"date":"2013-06-27T15:19:50","date_gmt":"2013-06-27T13:19:50","guid":{"rendered":"http:\/\/www.materialgruppe.de\/?page_id=797"},"modified":"2019-06-17T20:34:10","modified_gmt":"2019-06-17T18:34:10","slug":"zulieferpark","status":"publish","type":"page","link":"https:\/\/www.beschaffungsstrategie.de\/?page_id=797","title":{"rendered":"Zulieferpark"},"content":{"rendered":"<table style=\"width: 770px;\" border=\"0\" cellspacing=\"0\" cellpadding=\"0\">\n<tbody>\n<tr align=\"LEFT\" valign=\"TOP\">\n<td><\/td>\n<td width=\"663\" colspan=\"2\">\n<p align=\"LEFT\">Unternehmen einer oder mehrerer Branchen siedeln sich dauerhaft auf Gewerbefl\u00e4chen in werksn\u00e4he eines bestimmten OEM (Original Equipment Manufacturer = Hersteller) an. Dadurch ergeben sich kurze Lieferzeiten und sehr zuverl\u00e4ssige produktionssynchrone Abl\u00e4ufe ohne zus\u00e4tzliche Zwischenlager unterhalten zu m\u00fcssen. Fachm\u00e4nnische Montaget\u00e4tigkeiten k\u00f6nnen ggf. von den Lieferanten selbst durchgef\u00fchrt werden.<\/p>\n<p align=\"LEFT\">Bekannte Beispiele aus der Automobilbranche sind das GVZ Audi Ingolstadt oder Ford Saarlouis mit ca. 10-15 verschiedenen Just-In-Sequence-Lieferanten [Vgl. Vahrenkamp; Logistik; S. 408]. Als sehr gro\u00dfer Zulieferpark&nbsp; ist der Industriepark Frankfurt-H\u00f6chst zu nennen.<\/p>\n<p align=\"LEFT\"><span style=\"color: rgb(255, 0, 0);\">15M-Architektur<\/span><span style=\"color: rgb(255, 0, 0);\"><sup>\u00ae<\/sup><\/span><span style=\"color: rgb(255, 0, 0);\">:<br \/>\n<\/span>Modul 7: Gestaltungsfelder analysieren und strategische Optionen identifizieren [He\u00df; Supply-Strategien; S. 231]<\/p>\n<p align=\"LEFT\"><span style=\"color: rgb(255, 0, 0);\">Quellen\/Literaturhinweise:<br \/>\n<\/span><a title=\"15M-Architektur\" href=\"http:\/\/www.beschaffungsstrategie.de\/?page_id=12\">He\u00df, Gerhard; Supply-Strategien in Einkauf und Beschaffung; 2. Auflage (2010); Gabler Verlag Wiesbaden <\/a><br \/>\nVahrenkamp, Richard; Logistik: Management und Strategien; 5. Auflage (2005); Oldenbourg Verlag M\u00fcnchen<\/p>\n<p align=\"LEFT\"><span style=\"color: rgb(255, 0, 0);\">Verbundene Schlagworte:<br \/>\n<\/span>Industriepark, Lieferantenpark, G\u00fcterverkehrszentrum<\/p>\n<p align=\"LEFT\"><span style=\"color: rgb(255, 0, 0);\">Vertiefungen\/Studien:<\/span><\/p>\n<p align=\"LEFT\"><span style=\"color: rgb(255, 0, 0);\">Weiterf\u00fchrende Links:<br \/>\n<\/span><a>He\u00df, Gerhard; Supply-Strategien in Einkauf und Beschaffung; 2. Auflage (2010); Gabler Verlag Wiesbaden<\/a><\/p>\n<p align=\"LEFT\"><a href=\"http:\/\/books.google.de\/books?id=RnX47N4jpdQC&amp;pg=PA406&amp;lpg=PA406&amp;dq=zulieferpark&amp;source=bl&amp;ots=wnH7cBy6uW&amp;sig=PC1UFwnV4GyAJcbDTYIg8R57dSs&amp;hl=de&amp;ei=JFPhS4yiEoeM_AaCi6TEAg&amp;sa=X&amp;oi=book_result&amp;ct=result&amp;resnum=1&amp;ved=0CAUQ6AEwADgK#v=onepage&amp;q=zulieferpark&amp;f=fa\">Vahrenkamp, Richard; Logistik: Management und Strategien; 5. Auflage (2005); Oldenbourg Verlag M\u00fcnchen<\/a><\/p>\n<p align=\"LEFT\"><a href=\"http:\/\/www.industriepark-hoechst.com\/\">Industriepark: Frankfurt-H\u00f6chst<\/a><\/p>\n<p align=\"LEFT\"><span>Autor: M. Reed &#8211; 20100430<\/span><\/p>\n<p>&nbsp;<\/td>\n<\/tr>\n<\/tbody>\n<\/table>\n","protected":false},"excerpt":{"rendered":"<p>Unternehmen einer oder mehrerer Branchen siedeln sich dauerhaft auf Gewerbefl\u00e4chen in werksn\u00e4he eines bestimmten OEM (Original Equipment Manufacturer = Hersteller) an. Dadurch ergeben sich kurze Lieferzeiten und sehr zuverl\u00e4ssige produktionssynchrone Abl\u00e4ufe ohne zus\u00e4tzliche Zwischenlager unterhalten zu m\u00fcssen. Fachm\u00e4nnische Montaget\u00e4tigkeiten k\u00f6nnen &hellip; <a href=\"https:\/\/www.beschaffungsstrategie.de\/?page_id=797\">Weiterlesen <span class=\"meta-nav\">&rarr;<\/span><\/a><\/p>\n","protected":false},"author":1,"featured_media":0,"parent":0,"menu_order":0,"comment_status":"closed","ping_status":"closed","template":"","meta":{"footnotes":""},"class_list":["post-797","page","type-page","status-publish","hentry"],"_links":{"self":[{"href":"https:\/\/www.beschaffungsstrategie.de\/index.php?rest_route=\/wp\/v2\/pages\/797","targetHints":{"allow":["GET"]}}],"collection":[{"href":"https:\/\/www.beschaffungsstrategie.de\/index.php?rest_route=\/wp\/v2\/pages"}],"about":[{"href":"https:\/\/www.beschaffungsstrategie.de\/index.php?rest_route=\/wp\/v2\/types\/page"}],"author":[{"embeddable":true,"href":"https:\/\/www.beschaffungsstrategie.de\/index.php?rest_route=\/wp\/v2\/users\/1"}],"replies":[{"embeddable":true,"href":"https:\/\/www.beschaffungsstrategie.de\/index.php?rest_route=%2Fwp%2Fv2%2Fcomments&post=797"}],"version-history":[{"count":4,"href":"https:\/\/www.beschaffungsstrategie.de\/index.php?rest_route=\/wp\/v2\/pages\/797\/revisions"}],"predecessor-version":[{"id":3554,"href":"https:\/\/www.beschaffungsstrategie.de\/index.php?rest_route=\/wp\/v2\/pages\/797\/revisions\/3554"}],"wp:attachment":[{"href":"https:\/\/www.beschaffungsstrategie.de\/index.php?rest_route=%2Fwp%2Fv2%2Fmedia&parent=797"}],"curies":[{"name":"wp","href":"https:\/\/api.w.org\/{rel}","templated":true}]}}